CRAN Package Check Results for Package mortyr

Last updated on 2022-09-26 06:51:17 CEST.

Flavor Version Tinstall Tcheck Ttotal Status Flags
r-devel-linux-x86_64-debian-clang 0.0.2 2.12 26.25 28.37 NOTE
r-devel-linux-x86_64-debian-gcc 0.0.2 1.68 20.88 22.56 NOTE
r-devel-linux-x86_64-fedora-clang 0.0.2 47.71 NOTE
r-devel-linux-x86_64-fedora-gcc 0.0.2 44.76 NOTE
r-devel-windows-x86_64 0.0.2 6.00 62.00 68.00 NOTE
r-patched-linux-x86_64 0.0.2 2.28 26.18 28.46 NOTE
r-release-linux-x86_64 0.0.2 2.04 25.81 27.85 NOTE
r-release-macos-arm64 0.0.2 34.00 NOTE
r-release-macos-x86_64 0.0.2 44.00 NOTE
r-release-windows-x86_64 0.0.2 6.00 59.00 65.00 NOTE
r-oldrel-macos-arm64 0.0.2 41.00 NOTE
r-oldrel-macos-x86_64 0.0.2 46.00 NOTE
r-oldrel-windows-ix86+x86_64 0.0.2 5.00 55.00 60.00 NOTE

Check Details

Version: 0.0.2
Check: LazyData
Result: NOTE
     'LazyData' is specified without a 'data' directory
Flavors: r-devel-linux-x86_64-debian-clang, r-devel-linux-x86_64-debian-gcc, r-devel-linux-x86_64-fedora-clang, r-devel-linux-x86_64-fedora-gcc, r-devel-windows-x86_64, r-patched-linux-x86_64, r-release-linux-x86_64, r-release-macos-arm64, r-release-macos-x86_64, r-release-windows-x86_64, r-oldrel-macos-arm64, r-oldrel-macos-x86_64, r-oldrel-windows-ix86+x86_64