CRAN Package Check Results for Package morse

Last updated on 2020-10-29 13:48:49 CET.

Flavor Version Tinstall Tcheck Ttotal Status Flags
r-devel-linux-x86_64-debian-clang 3.2.5 12.20 264.88 277.08 OK --no-vignettes
r-devel-linux-x86_64-debian-gcc 3.2.5 11.35 188.65 200.00 OK --no-vignettes
r-devel-linux-x86_64-fedora-clang 3.2.5 332.06 OK --no-vignettes
r-devel-linux-x86_64-fedora-gcc 3.2.5 337.30 OK --no-vignettes
r-devel-windows-ix86+x86_64 3.2.5 25.00 264.00 289.00 OK --no-vignettes
r-patched-linux-x86_64 3.2.5 11.55 288.48 300.03 OK --no-vignettes
r-patched-solaris-x86 3.2.5 740.50 OK --no-vignettes
r-release-linux-x86_64 3.2.5 13.41 266.29 279.70 OK --no-vignettes
r-release-macos-x86_64 3.2.5 FAIL
r-release-windows-ix86+x86_64 3.2.5 17.00 346.00 363.00 OK --no-vignettes
r-oldrel-macos-x86_64 3.2.5 WARN
r-oldrel-windows-ix86+x86_64 3.2.5 22.00 331.00 353.00 OK --no-vignettes

Check Details

Version: 3.2.5
Check: re-building of vignette outputs
Result: FAIL
Flavor: r-release-macos-x86_64

Version: 3.2.5
Check: re-building of vignette outputs
Result: WARN
    Error(s) in re-building vignettes:
    --- re-building ‘tutorial.Rmd’ using rmarkdown
    Warning in engine$weave(file, quiet = quiet, encoding = enc) :
     Pandoc (>= 1.12.3) and/or pandoc-citeproc not available. Falling back to R Markdown v1.
    
    Attaching package: 'dplyr'
    
    The following objects are masked from 'package:stats':
    
     filter, lag
    
    The following objects are masked from 'package:base':
    
     intersect, setdiff, setequal, union
    
    Quitting from lines 342-344 (tutorial.Rmd)
    Error: processing vignette 'tutorial.Rmd' failed with diagnostics:
    The model needs too many iterations to provide reliable parameter estimates !
    --- failed re-building ‘tutorial.Rmd’
    
    --- re-building ‘modelling.Snw’ using Sweave
    --- finished re-building ‘modelling.Snw’
    
    SUMMARY: processing the following file failed:
     ‘tutorial.Rmd’
    
    Error: Vignette re-building failed.
    Execution halted
Flavor: r-oldrel-macos-x86_64