CRAN Package Check Results for Package monaco

Last updated on 2022-08-12 21:53:07 CEST.

Flavor Version Tinstall Tcheck Ttotal Status Flags
r-devel-linux-x86_64-debian-clang 0.2.2 4.85 39.45 44.30 OK
r-devel-linux-x86_64-debian-gcc 0.2.2 3.89 31.05 34.94 OK
r-devel-linux-x86_64-fedora-clang 0.2.2 64.47 NOTE
r-devel-linux-x86_64-fedora-gcc 0.2.2 61.76 OK
r-devel-windows-x86_64 0.2.2 25.00 66.00 91.00 NOTE
r-patched-linux-x86_64 0.2.2 5.50 38.42 43.92 OK
r-release-linux-x86_64 0.2.2 5.52 37.97 43.49 OK
r-release-macos-arm64 0.2.2 22.00 NOTE
r-release-macos-x86_64 0.2.2 32.00 NOTE
r-release-windows-x86_64 0.2.2 28.00 67.00 95.00 NOTE
r-oldrel-macos-arm64 0.2.2 21.00 NOTE
r-oldrel-macos-x86_64 0.2.2 34.00 NOTE
r-oldrel-windows-ix86+x86_64 0.2.2 13.00 56.00 69.00 NOTE

Check Details

Version: 0.2.2
Check: installed package size
Result: NOTE
     installed size is 14.9Mb
     sub-directories of 1Mb or more:
     htmlwidgets 14.7Mb
Flavors: r-devel-linux-x86_64-fedora-clang, r-devel-windows-x86_64, r-release-macos-arm64, r-release-macos-x86_64, r-release-windows-x86_64, r-oldrel-macos-arm64, r-oldrel-macos-x86_64, r-oldrel-windows-ix86+x86_64