CRAN Package Check Results for Package modi

Last updated on 2024-06-17 11:57:32 CEST.

Flavor Version Tinstall Tcheck Ttotal Status Flags
r-devel-linux-x86_64-debian-clang 0.1.2 5.31 64.66 69.97 OK
r-devel-linux-x86_64-debian-gcc 0.1.2 4.44 46.94 51.38 OK
r-devel-linux-x86_64-fedora-clang 0.1.2 88.74 OK
r-devel-linux-x86_64-fedora-gcc 0.1.2 95.70 OK
r-devel-windows-x86_64 0.1.2 6.00 68.00 74.00 OK
r-patched-linux-x86_64 0.1.2 4.89 60.92 65.81 OK
r-release-linux-x86_64 0.1.2 5.65 61.89 67.54 OK
r-release-macos-arm64 0.1.2 32.00 OK
r-release-macos-x86_64 0.1.2 59.00 OK
r-release-windows-x86_64 0.1.2 7.00 71.00 78.00 OK
r-oldrel-macos-arm64 0.1.2 36.00 OK
r-oldrel-macos-x86_64 0.1.2 46.00 NOTE
r-oldrel-windows-x86_64 0.1.2 5.00 82.00 87.00 OK

Check Details

Version: 0.1.2
Check: package dependencies
Result: NOTE Package suggested but not available for checking: ‘survey’ Flavor: r-oldrel-macos-x86_64