Last updated on 2022-08-13 07:11:39 CEST.
Flavor | Version | Tinstall | Tcheck | Ttotal | Status | Flags |
---|---|---|---|---|---|---|
r-devel-linux-x86_64-debian-clang | 0.1.0 | 30.94 | 276.85 | 307.79 | NOTE | |
r-devel-linux-x86_64-debian-gcc | 0.1.0 | 24.76 | 206.27 | 231.03 | NOTE | |
r-devel-linux-x86_64-fedora-clang | 0.1.0 | 384.90 | NOTE | |||
r-devel-linux-x86_64-fedora-gcc | 0.1.0 | 379.28 | NOTE | |||
r-devel-windows-x86_64 | 0.1.0 | 313.00 | 291.00 | 604.00 | NOTE | |
r-patched-linux-x86_64 | 0.1.0 | 33.64 | 254.19 | 287.83 | NOTE | |
r-release-linux-x86_64 | 0.1.0 | 23.37 | 260.43 | 283.80 | NOTE | |
r-release-macos-arm64 | 0.1.0 | 75.00 | NOTE | |||
r-release-macos-x86_64 | 0.1.0 | 150.00 | NOTE | |||
r-release-windows-x86_64 | 0.1.0 | 222.00 | 288.00 | 510.00 | NOTE | |
r-oldrel-macos-arm64 | 0.1.0 | 72.00 | NOTE | |||
r-oldrel-macos-x86_64 | 0.1.0 | 98.00 | NOTE | |||
r-oldrel-windows-ix86+x86_64 | 0.1.0 | 67.00 | 289.00 | 356.00 | NOTE |
Version: 0.1.0
Check: LazyData
Result: NOTE
'LazyData' is specified without a 'data' directory
Flavors: r-devel-linux-x86_64-debian-clang, r-devel-linux-x86_64-debian-gcc, r-devel-linux-x86_64-fedora-clang, r-devel-linux-x86_64-fedora-gcc, r-devel-windows-x86_64, r-patched-linux-x86_64, r-release-linux-x86_64, r-release-macos-arm64, r-release-macos-x86_64, r-release-windows-x86_64, r-oldrel-macos-arm64, r-oldrel-macos-x86_64, r-oldrel-windows-ix86+x86_64