CRAN Package Check Results for Package modeLLtest

Last updated on 2020-06-01 13:49:41 CEST.

Flavor Version Tinstall Tcheck Ttotal Status Flags
r-devel-linux-x86_64-debian-clang 1.0.0 84.09 93.69 177.78 OK
r-devel-linux-x86_64-debian-gcc 1.0.0 65.43 74.59 140.02 OK
r-devel-linux-x86_64-fedora-clang 1.0.0 248.13 NOTE
r-devel-linux-x86_64-fedora-gcc 1.0.0 230.42 NOTE
r-devel-windows-ix86+x86_64 1.0.0 210.00 207.00 417.00 OK
r-patched-linux-x86_64 1.0.0 68.13 94.03 162.16 OK
r-patched-solaris-x86 1.0.0 272.20 NOTE
r-release-linux-x86_64 1.0.0 68.57 95.30 163.87 OK
r-release-osx-x86_64 1.0.0 NOTE
r-release-windows-ix86+x86_64 1.0.0 160.00 270.00 430.00 OK
r-oldrel-osx-x86_64 1.0.0 NOTE
r-oldrel-windows-ix86+x86_64 1.0.0 157.00 156.00 313.00 OK

Check Details

Version: 1.0.0
Check: dependencies in R code
Result: NOTE
    Namespace in Imports field not imported from: ‘methods’
     All declared Imports should be used.
Flavors: r-devel-linux-x86_64-fedora-clang, r-devel-linux-x86_64-fedora-gcc, r-patched-solaris-x86, r-release-osx-x86_64, r-oldrel-osx-x86_64

Version: 1.0.0
Check: data for non-ASCII characters
Result: NOTE
     Note: found 18 marked Latin-1 strings
Flavors: r-devel-linux-x86_64-fedora-clang, r-devel-linux-x86_64-fedora-gcc, r-patched-solaris-x86, r-release-osx-x86_64, r-oldrel-osx-x86_64