CRAN Package Check Results for Package mobsim

Last updated on 2020-09-22 14:05:03 CEST.

Flavor Version Tinstall Tcheck Ttotal Status Flags
r-devel-linux-x86_64-debian-clang 0.1.0 29.72 92.18 121.90 OK
r-devel-linux-x86_64-debian-gcc 0.1.0 19.15 71.51 90.66 OK
r-devel-linux-x86_64-fedora-clang 0.1.0 174.25 NOTE
r-devel-linux-x86_64-fedora-gcc 0.1.0 150.39 NOTE
r-devel-windows-ix86+x86_64 0.1.0 67.00 135.00 202.00 OK
r-patched-linux-x86_64 0.1.0 21.72 91.65 113.37 OK
r-patched-solaris-x86 0.1.0 215.30 NOTE
r-release-linux-x86_64 0.1.0 20.23 92.86 113.09 OK
r-release-macos-x86_64 0.1.0 NOTE
r-release-windows-ix86+x86_64 0.1.0 68.00 156.00 224.00 OK
r-oldrel-macos-x86_64 0.1.0 NOTE
r-oldrel-windows-ix86+x86_64 0.1.0 44.00 160.00 204.00 OK

Check Details

Version: 0.1.0
Check: dependencies in R code
Result: NOTE
    Namespace in Imports field not imported from: ‘sads’
     All declared Imports should be used.
Flavors: r-devel-linux-x86_64-fedora-clang, r-devel-linux-x86_64-fedora-gcc, r-patched-solaris-x86, r-release-macos-x86_64, r-oldrel-macos-x86_64