CRAN Package Check Results for Package mnorm

Last updated on 2022-10-02 00:55:13 CEST.

Flavor Version Tinstall Tcheck Ttotal Status Flags
r-devel-linux-x86_64-debian-clang 1.0.1 126.26 31.44 157.70 OK
r-devel-linux-x86_64-debian-gcc 1.0.1 106.69 23.73 130.42 OK
r-devel-linux-x86_64-fedora-clang 1.0.1 250.36 OK
r-devel-linux-x86_64-fedora-gcc 1.0.1 230.18 OK
r-devel-windows-x86_64 1.0.1 107.00 81.00 188.00 OK
r-patched-linux-x86_64 1.0.1 106.62 28.43 135.05 OK
r-release-linux-x86_64 1.0.1 111.55 29.08 140.63 OK
r-release-macos-arm64 1.0.1 63.00 NOTE
r-release-macos-x86_64 1.0.1 74.00 NOTE
r-release-windows-x86_64 1.0.1 105.00 79.00 184.00 OK
r-oldrel-macos-arm64 1.0.1 57.00 NOTE
r-oldrel-macos-x86_64 1.0.1 74.00 NOTE
r-oldrel-windows-ix86+x86_64 1.0.1 308.00 82.00 390.00 OK

Check Details

Version: 1.0.1
Check: installed package size
Result: NOTE
     installed size is 6.9Mb
     sub-directories of 1Mb or more:
     libs 6.8Mb
Flavors: r-release-macos-arm64, r-release-macos-x86_64, r-oldrel-macos-arm64, r-oldrel-macos-x86_64