Last updated on 2023-10-03 19:05:58 CEST.
Flavor | Version | Tinstall | Tcheck | Ttotal | Status | Flags |
---|---|---|---|---|---|---|
r-devel-linux-x86_64-debian-clang | 1.2.1 | 194.33 | 32.17 | 226.50 | OK | |
r-devel-linux-x86_64-debian-gcc | 1.2.1 | 151.00 | 25.44 | 176.44 | OK | |
r-devel-linux-x86_64-fedora-clang | 1.2.1 | 334.86 | OK | |||
r-devel-linux-x86_64-fedora-gcc | 1.2.1 | 352.33 | OK | |||
r-devel-windows-x86_64 | 1.2.1 | 142.00 | 75.00 | 217.00 | OK | |
r-patched-linux-x86_64 | 1.2.1 | 187.47 | 32.05 | 219.52 | OK | |
r-release-linux-x86_64 | 1.2.1 | 190.98 | 31.93 | 222.91 | OK | |
r-release-macos-arm64 | 1.2.1 | 68.00 | NOTE | |||
r-release-macos-x86_64 | 1.2.1 | 95.00 | NOTE | |||
r-release-windows-x86_64 | 1.2.1 | 179.00 | 82.00 | 261.00 | OK | |
r-oldrel-macos-arm64 | 1.2.1 | 72.00 | ERROR | |||
r-oldrel-macos-x86_64 | 1.2.1 | 281.00 | ERROR | |||
r-oldrel-windows-x86_64 | 1.2.1 | 173.00 | 82.00 | 255.00 | OK |
Version: 1.2.1
Check: installed package size
Result: NOTE
installed size is 10.6Mb
sub-directories of 1Mb or more:
libs 10.4Mb
Flavors: r-release-macos-arm64, r-release-macos-x86_64, r-oldrel-macos-arm64
Version: 1.2.1
Check: PDF version of manual
Result: WARN
LaTeX errors when creating PDF version.
This typically indicates Rd problems.
LaTeX errors found:
! Undefined control sequence.
<argument> ...}, \frac {v}{2}, \frac {1}{2})\text
{, if }x \geq 0\\ \frac {1...
l.1646 }{}
! Undefined control sequence.
<argument> ...}, \frac {v}{2}, \frac {1}{2})\text
{, if }x < 0 \end {cases},
l.1646 }{}
Flavor: r-oldrel-macos-arm64
Version: 1.2.1
Check: PDF version of manual without index
Result: ERROR
Flavor: r-oldrel-macos-arm64
Version: 1.2.1
Check: whether package can be installed
Result: ERROR
Installation failed.
Flavor: r-oldrel-macos-x86_64