CRAN Package Check Results for Package mmsample

Last updated on 2022-09-30 12:55:14 CEST.

Flavor Version Tinstall Tcheck Ttotal Status Flags
r-devel-linux-x86_64-debian-clang 0.1 28.07 30.46 58.53 NOTE
r-devel-linux-x86_64-debian-gcc 0.1 21.06 22.04 43.10 NOTE
r-devel-linux-x86_64-fedora-clang 0.1 94.74 NOTE
r-devel-linux-x86_64-fedora-gcc 0.1 85.22 NOTE
r-devel-windows-x86_64 0.1 30.00 76.00 106.00 NOTE
r-patched-linux-x86_64 0.1 23.46 27.43 50.89 NOTE
r-release-linux-x86_64 0.1 21.48 28.39 49.87 NOTE
r-release-macos-arm64 0.1 20.00 NOTE
r-release-macos-x86_64 0.1 33.00 NOTE
r-release-windows-x86_64 0.1 29.00 74.00 103.00 NOTE
r-oldrel-macos-arm64 0.1 35.00 NOTE
r-oldrel-macos-x86_64 0.1 46.00 NOTE
r-oldrel-windows-ix86+x86_64 0.1 76.00 76.00 152.00 NOTE

Check Details

Version: 0.1
Check: LazyData
Result: NOTE
     'LazyData' is specified without a 'data' directory
Flavors: r-devel-linux-x86_64-debian-clang, r-devel-linux-x86_64-debian-gcc, r-devel-linux-x86_64-fedora-clang, r-devel-linux-x86_64-fedora-gcc, r-devel-windows-x86_64, r-patched-linux-x86_64, r-release-linux-x86_64, r-release-macos-arm64, r-release-macos-x86_64, r-release-windows-x86_64, r-oldrel-macos-arm64, r-oldrel-macos-x86_64, r-oldrel-windows-ix86+x86_64