CRAN Package Check Results for Package mmpf

Last updated on 2022-09-24 18:56:29 CEST.

Flavor Version Tinstall Tcheck Ttotal Status Flags
r-devel-linux-x86_64-debian-clang 0.0.5 2.59 41.89 44.48 NOTE
r-devel-linux-x86_64-debian-gcc 0.0.5 2.07 31.07 33.14 NOTE
r-devel-linux-x86_64-fedora-clang 0.0.5 65.15 NOTE
r-devel-linux-x86_64-fedora-gcc 0.0.5 61.83 NOTE
r-devel-windows-x86_64 0.0.5 10.00 73.00 83.00 NOTE
r-patched-linux-x86_64 0.0.5 2.97 39.71 42.68 NOTE
r-release-linux-x86_64 0.0.5 2.86 38.03 40.89 NOTE
r-release-macos-arm64 0.0.5 24.00 NOTE
r-release-macos-x86_64 0.0.5 30.00 NOTE
r-release-windows-x86_64 0.0.5 10.00 69.00 79.00 NOTE
r-oldrel-macos-arm64 0.0.5 30.00 NOTE
r-oldrel-macos-x86_64 0.0.5 36.00 NOTE
r-oldrel-windows-ix86+x86_64 0.0.5 7.00 74.00 81.00 NOTE

Check Details

Version: 0.0.5
Check: package subdirectories
Result: NOTE
    Problems with news in 'NEWS.md':
    No news entries found.
Flavors: r-devel-linux-x86_64-debian-clang, r-devel-linux-x86_64-debian-gcc, r-devel-linux-x86_64-fedora-clang, r-devel-linux-x86_64-fedora-gcc, r-devel-windows-x86_64

Version: 0.0.5
Check: LazyData
Result: NOTE
     'LazyData' is specified without a 'data' directory
Flavors: r-devel-linux-x86_64-debian-clang, r-devel-linux-x86_64-debian-gcc, r-devel-linux-x86_64-fedora-clang, r-devel-linux-x86_64-fedora-gcc, r-devel-windows-x86_64, r-patched-linux-x86_64, r-release-linux-x86_64, r-release-macos-arm64, r-release-macos-x86_64, r-release-windows-x86_64, r-oldrel-macos-arm64, r-oldrel-macos-x86_64, r-oldrel-windows-ix86+x86_64