Last updated on 2023-09-29 18:54:40 CEST.
Flavor | Version | Tinstall | Tcheck | Ttotal | Status | Flags |
---|---|---|---|---|---|---|
r-devel-linux-x86_64-debian-clang | 0.0.5 | 3.14 | 40.70 | 43.84 | NOTE | |
r-devel-linux-x86_64-debian-gcc | 0.0.5 | 2.32 | 29.60 | 31.92 | NOTE | |
r-devel-linux-x86_64-fedora-clang | 0.0.5 | 53.84 | NOTE | |||
r-devel-linux-x86_64-fedora-gcc | 0.0.5 | 62.66 | NOTE | |||
r-devel-windows-x86_64 | 0.0.5 | 3.00 | 51.00 | 54.00 | NOTE | |
r-patched-linux-x86_64 | 0.0.5 | 3.15 | 37.61 | 40.76 | NOTE | |
r-release-linux-x86_64 | 0.0.5 | 2.03 | 37.99 | 40.02 | NOTE | |
r-release-macos-arm64 | 0.0.5 | 26.00 | NOTE | |||
r-release-macos-x86_64 | 0.0.5 | 38.00 | NOTE | |||
r-release-windows-x86_64 | 0.0.5 | 6.00 | 57.00 | 63.00 | NOTE | |
r-oldrel-macos-arm64 | 0.0.5 | 24.00 | NOTE | |||
r-oldrel-macos-x86_64 | 0.0.5 | 30.00 | NOTE | |||
r-oldrel-windows-x86_64 | 0.0.5 | 6.00 | 63.00 | 69.00 | NOTE |
Version: 0.0.5
Check: package subdirectories
Result: NOTE
Problems with news in ‘NEWS.md’:
No news entries found.
Flavors: r-devel-linux-x86_64-debian-clang, r-devel-linux-x86_64-debian-gcc, r-devel-linux-x86_64-fedora-clang, r-devel-linux-x86_64-fedora-gcc, r-devel-windows-x86_64, r-patched-linux-x86_64, r-release-linux-x86_64, r-release-macos-arm64, r-release-macos-x86_64, r-release-windows-x86_64
Version: 0.0.5
Check: LazyData
Result: NOTE
'LazyData' is specified without a 'data' directory
Flavors: r-devel-linux-x86_64-debian-clang, r-devel-linux-x86_64-debian-gcc, r-devel-linux-x86_64-fedora-clang, r-devel-linux-x86_64-fedora-gcc, r-devel-windows-x86_64, r-patched-linux-x86_64, r-release-linux-x86_64, r-release-macos-arm64, r-release-macos-x86_64, r-release-windows-x86_64, r-oldrel-macos-arm64, r-oldrel-macos-x86_64, r-oldrel-windows-x86_64