CRAN Package Check Results for Package mmaqshiny

Last updated on 2020-09-22 14:05:03 CEST.

Flavor Version Tinstall Tcheck Ttotal Status Flags
r-devel-linux-x86_64-debian-clang 1.0.0 3.94 18.54 22.48 OK
r-devel-linux-x86_64-debian-gcc 1.0.0 2.84 15.26 18.10 OK
r-devel-linux-x86_64-fedora-clang 1.0.0 36.04 NOTE
r-devel-linux-x86_64-fedora-gcc 1.0.0 25.40 NOTE
r-devel-windows-ix86+x86_64 1.0.0 9.00 28.00 37.00 NOTE
r-patched-linux-x86_64 1.0.0 3.81 18.48 22.29 OK
r-patched-solaris-x86 1.0.0 44.40 NOTE
r-release-linux-x86_64 1.0.0 3.14 18.56 21.70 OK
r-release-macos-x86_64 1.0.0 NOTE
r-release-windows-ix86+x86_64 1.0.0 10.00 35.00 45.00 NOTE
r-oldrel-macos-x86_64 1.0.0 NOTE
r-oldrel-windows-ix86+x86_64 1.0.0 6.00 37.00 43.00 NOTE

Check Details

Version: 1.0.0
Check: installed package size
Result: NOTE
     installed size is 15.7Mb
     sub-directories of 1Mb or more:
     images 1.1Mb
     shiny 14.5Mb
Flavors: r-devel-linux-x86_64-fedora-clang, r-devel-windows-ix86+x86_64, r-patched-solaris-x86, r-release-macos-x86_64, r-release-windows-ix86+x86_64, r-oldrel-macos-x86_64, r-oldrel-windows-ix86+x86_64

Version: 1.0.0
Check: dependencies in R code
Result: NOTE
    Namespaces in Imports field not imported from:
     ‘Cairo’ ‘DT’ ‘XML’ ‘caTools’ ‘data.table’ ‘dplyr’ ‘ggplot2’
     ‘htmltools’ ‘leaflet’ ‘lubridate’ ‘plotly’ ‘shinyjs’ ‘stringr’ ‘xts’
     ‘zoo’
     All declared Imports should be used.
Flavors: r-devel-linux-x86_64-fedora-clang, r-devel-linux-x86_64-fedora-gcc, r-patched-solaris-x86, r-release-macos-x86_64, r-oldrel-macos-x86_64