Last updated on 2022-06-26 00:51:41 CEST.
Flavor | Version | Tinstall | Tcheck | Ttotal | Status | Flags |
---|---|---|---|---|---|---|
r-devel-linux-x86_64-debian-clang | 3.1-0 | 11.07 | 102.26 | 113.33 | OK | |
r-devel-linux-x86_64-debian-gcc | 3.1-0 | 8.62 | 76.82 | 85.44 | OK | |
r-devel-linux-x86_64-fedora-clang | 3.1-0 | 154.05 | WARN | |||
r-devel-linux-x86_64-fedora-gcc | 3.1-0 | 146.24 | WARN | |||
r-devel-windows-x86_64 | 3.1-0 | 22.00 | 131.00 | 153.00 | OK | |
r-patched-linux-x86_64 | 3.1-0 | 9.76 | 97.08 | 106.84 | OK | |
r-release-linux-x86_64 | 3.1-0 | 11.29 | 96.66 | 107.95 | OK | |
r-release-macos-arm64 | 3.1-0 | 48.00 | OK | |||
r-release-macos-x86_64 | 3.1-0 | 58.00 | OK | |||
r-release-windows-x86_64 | 3.1-0 | 19.00 | 122.00 | 141.00 | OK | |
r-oldrel-macos-arm64 | 3.1-0 | 40.00 | OK | |||
r-oldrel-macos-x86_64 | 3.1-0 | 57.00 | OK | |||
r-oldrel-windows-ix86+x86_64 | 3.1-0 | 25.00 | 135.00 | 160.00 | OK |
Version: 3.1-0
Check: package dependencies
Result: WARN
Requires (indirectly) orphaned package: ‘gtools’
Flavors: r-devel-linux-x86_64-fedora-clang, r-devel-linux-x86_64-fedora-gcc