CRAN Package Check Results for Package mle.tools

Last updated on 2022-10-04 07:49:52 CEST.

Flavor Version Tinstall Tcheck Ttotal Status Flags
r-devel-linux-x86_64-debian-clang 1.0.0 1.98 39.18 41.16 NOTE
r-devel-linux-x86_64-debian-gcc 1.0.0 1.74 29.11 30.85 NOTE
r-devel-linux-x86_64-fedora-clang 1.0.0 64.91 NOTE
r-devel-linux-x86_64-fedora-gcc 1.0.0 58.00 NOTE
r-devel-windows-x86_64 1.0.0 7.00 63.00 70.00 NOTE
r-patched-linux-x86_64 1.0.0 1.86 36.30 38.16 OK
r-release-linux-x86_64 1.0.0 1.73 35.87 37.60 OK
r-release-macos-arm64 1.0.0 18.00 OK
r-release-macos-x86_64 1.0.0 26.00 OK
r-release-windows-x86_64 1.0.0 9.00 61.00 70.00 OK
r-oldrel-macos-arm64 1.0.0 21.00 OK
r-oldrel-macos-x86_64 1.0.0 34.00 OK
r-oldrel-windows-ix86+x86_64 1.0.0 5.00 62.00 67.00 OK

Check Details

Version: 1.0.0
Check: package subdirectories
Result: NOTE
    Problems with news in 'NEWS.md':
    No news entries found.
Flavors: r-devel-linux-x86_64-debian-clang, r-devel-linux-x86_64-debian-gcc, r-devel-linux-x86_64-fedora-clang, r-devel-linux-x86_64-fedora-gcc, r-devel-windows-x86_64