CRAN Package Check Results for Package mistr

Last updated on 2020-08-05 13:49:28 CEST.

Flavor Version Tinstall Tcheck Ttotal Status Flags
r-devel-linux-x86_64-debian-clang 0.0.3 16.79 160.50 177.29 OK
r-devel-linux-x86_64-debian-gcc 0.0.3 13.29 121.21 134.50 OK
r-devel-linux-x86_64-fedora-clang 0.0.3 215.42 NOTE
r-devel-linux-x86_64-fedora-gcc 0.0.3 207.95 OK
r-devel-windows-ix86+x86_64 0.0.3 38.00 181.00 219.00 OK
r-patched-linux-x86_64 0.0.3 16.34 156.13 172.47 OK
r-patched-solaris-x86 0.0.3 229.40 OK
r-release-linux-x86_64 0.0.3 15.35 159.70 175.05 OK
r-release-macos-x86_64 0.0.3 OK
r-release-windows-ix86+x86_64 0.0.3 37.00 216.00 253.00 OK
r-oldrel-macos-x86_64 0.0.3 OK
r-oldrel-windows-ix86+x86_64 0.0.3 20.00 211.00 231.00 OK

Check Details

Version: 0.0.3
Check: Rd cross-references
Result: NOTE
    Undeclared package ‘quantmod’ in Rd xrefs
Flavor: r-devel-linux-x86_64-fedora-clang