CRAN Package Check Results for Package mistat

Last updated on 2020-11-01 01:47:26 CET.

Flavor Version Tinstall Tcheck Ttotal Status Flags
r-devel-linux-x86_64-debian-clang 1.0-5 4.13 56.08 60.21 OK
r-devel-linux-x86_64-debian-gcc 1.0-5 3.04 42.88 45.92 OK
r-devel-linux-x86_64-fedora-clang 1.0-5 80.00 NOTE
r-devel-linux-x86_64-fedora-gcc 1.0-5 70.71 NOTE
r-devel-windows-ix86+x86_64 1.0-5 8.00 72.00 80.00 OK
r-patched-linux-x86_64 1.0-5 3.09 53.78 56.87 OK
r-patched-solaris-x86 1.0-5 106.50 NOTE
r-release-linux-x86_64 1.0-5 3.51 53.76 57.27 OK
r-release-macos-x86_64 1.0-5 NOTE
r-release-windows-ix86+x86_64 1.0-5 7.00 93.00 100.00 OK
r-oldrel-macos-x86_64 1.0-5 NOTE
r-oldrel-windows-ix86+x86_64 1.0-5 6.00 63.00 69.00 OK

Check Details

Version: 1.0-5
Check: dependencies in R code
Result: NOTE
    Namespace in Imports field not imported from: ‘grDevices’
     All declared Imports should be used.
Flavors: r-devel-linux-x86_64-fedora-clang, r-devel-linux-x86_64-fedora-gcc, r-patched-solaris-x86, r-release-macos-x86_64, r-oldrel-macos-x86_64