CRAN Package Check Results for Package missSBM

Last updated on 2020-07-08 07:52:37 CEST.

Flavor Version Tinstall Tcheck Ttotal Status Flags
r-devel-linux-x86_64-debian-clang 0.2.1 68.67 154.87 223.54 OK
r-devel-linux-x86_64-debian-gcc 0.2.1 50.01 116.45 166.46 OK
r-devel-linux-x86_64-fedora-clang 0.2.1 285.08 NOTE
r-devel-linux-x86_64-fedora-gcc 0.2.1 284.36 NOTE
r-devel-windows-ix86+x86_64 0.2.1 118.00 319.00 437.00 OK
r-patched-linux-x86_64 0.2.1 57.19 147.12 204.31 OK
r-patched-solaris-x86 0.2.1 376.50 OK
r-release-linux-x86_64 0.2.1 55.74 146.38 202.12 OK
r-release-osx-x86_64 0.2.1 OK
r-release-windows-ix86+x86_64 0.2.1 114.00 283.00 397.00 OK
r-oldrel-osx-x86_64 0.2.1 OK
r-oldrel-windows-ix86+x86_64 0.2.1 122.00 371.00 493.00 OK

Check Details

Version: 0.2.1
Check: top-level files
Result: NOTE
    ‘configure’: /bin/bash is not portable
Flavors: r-devel-linux-x86_64-fedora-clang, r-devel-linux-x86_64-fedora-gcc