CRAN Package Check Results for Package missSBM

Last updated on 2024-06-13 00:55:23 CEST.

Flavor Version Tinstall Tcheck Ttotal Status Flags
r-devel-linux-x86_64-debian-clang 1.0.4 131.22 346.92 478.14 OK
r-devel-linux-x86_64-debian-gcc 1.0.4 0.48 1.75 2.23 ERROR
r-devel-linux-x86_64-fedora-clang 1.0.4 639.86 OK
r-devel-linux-x86_64-fedora-gcc 1.0.4 647.79 OK
r-devel-windows-x86_64 1.0.4 98.00 321.00 419.00 OK
r-patched-linux-x86_64 1.0.4 78.63 345.33 423.96 OK
r-release-linux-x86_64 1.0.4 82.60 340.60 423.20 OK
r-release-macos-arm64 1.0.4 188.00 NOTE
r-release-macos-x86_64 1.0.4 265.00 NOTE
r-release-windows-x86_64 1.0.4 100.00 315.00 415.00 OK
r-oldrel-macos-arm64 1.0.4 192.00 NOTE
r-oldrel-macos-x86_64 1.0.4 409.00 NOTE
r-oldrel-windows-x86_64 1.0.4 125.00 414.00 539.00 OK

Check Details

Version: 1.0.4
Check: package dependencies
Result: ERROR Packages required but not available: 'igraph', 'nloptr', 'ggplot2', 'sbm' Package suggested but not available for checking: ‘testthat’ See section ‘The DESCRIPTION file’ in the ‘Writing R Extensions’ manual. Flavor: r-devel-linux-x86_64-debian-gcc

Version: 1.0.4
Check: installed package size
Result: NOTE installed size is 6.8Mb sub-directories of 1Mb or more: libs 4.7Mb Flavors: r-release-macos-arm64, r-release-macos-x86_64, r-oldrel-macos-arm64, r-oldrel-macos-x86_64