Last updated on 2023-05-30 06:57:35 CEST.
Flavor | Version | Tinstall | Tcheck | Ttotal | Status | Flags |
---|---|---|---|---|---|---|
r-devel-linux-x86_64-debian-clang | 0.9-1 | 5.86 | 49.07 | 54.93 | OK | |
r-devel-linux-x86_64-debian-gcc | 0.9-1 | 4.03 | 37.64 | 41.67 | OK | |
r-devel-linux-x86_64-fedora-clang | 0.9-1 | 68.84 | NOTE | |||
r-devel-linux-x86_64-fedora-gcc | 0.9-1 | 67.10 | OK | |||
r-devel-windows-x86_64 | 0.9-1 | 7.00 | 75.00 | 82.00 | OK | |
r-patched-linux-x86_64 | 0.9-1 | 6.54 | 47.53 | 54.07 | OK | |
r-release-linux-x86_64 | 0.9-1 | 5.52 | 48.01 | 53.53 | OK | |
r-release-macos-arm64 | 0.9-1 | 29.00 | OK | |||
r-release-macos-x86_64 | 0.9-1 | 41.00 | OK | |||
r-release-windows-x86_64 | 0.9-1 | 6.00 | 79.00 | 85.00 | OK | |
r-oldrel-macos-arm64 | 0.9-1 | 45.00 | OK | |||
r-oldrel-macos-x86_64 | 0.9-1 | 53.00 | OK | |||
r-oldrel-windows-x86_64 | 0.9-1 | 7.00 | 81.00 | 88.00 | OK |
Version: 0.9-1
Check: Rd cross-references
Result: NOTE
Undeclared package ‘scatterplot3d’ in Rd xrefs
Flavor: r-devel-linux-x86_64-fedora-clang