CRAN Package Check Results for Package mirtjml

Last updated on 2022-09-26 06:51:16 CEST.

Flavor Version Tinstall Tcheck Ttotal Status Flags
r-devel-linux-x86_64-debian-clang 1.4.0 72.77 34.82 107.59 NOTE
r-devel-linux-x86_64-debian-gcc 1.4.0 56.52 26.11 82.63 NOTE
r-devel-linux-x86_64-fedora-clang 1.4.0 149.40 NOTE
r-devel-linux-x86_64-fedora-gcc 1.4.0 137.93 NOTE
r-devel-windows-x86_64 1.4.0 62.00 85.00 147.00 NOTE
r-patched-linux-x86_64 1.4.0 53.79 32.42 86.21 OK
r-release-linux-x86_64 1.4.0 59.45 32.49 91.94 OK
r-release-macos-arm64 1.4.0 36.00 OK
r-release-macos-x86_64 1.4.0 48.00 OK
r-release-windows-x86_64 1.4.0 60.00 89.00 149.00 OK
r-oldrel-macos-arm64 1.4.0 40.00 OK
r-oldrel-macos-x86_64 1.4.0 68.00 OK
r-oldrel-windows-ix86+x86_64 1.4.0 162.00 97.00 259.00 OK

Check Details

Version: 1.4.0
Check: package subdirectories
Result: NOTE
    Problems with news in 'NEWS.md':
    No news entries found.
Flavors: r-devel-linux-x86_64-debian-clang, r-devel-linux-x86_64-debian-gcc, r-devel-linux-x86_64-fedora-clang, r-devel-linux-x86_64-fedora-gcc, r-devel-windows-x86_64