CRAN Package Check Results for Package minpack.lm

Last updated on 2020-07-14 13:51:17 CEST.

Flavor Version Tinstall Tcheck Ttotal Status Flags
r-devel-linux-x86_64-debian-clang 1.2-1 5.09 21.41 26.50 OK
r-devel-linux-x86_64-debian-gcc 1.2-1 4.51 17.56 22.07 OK
r-devel-linux-x86_64-fedora-clang 1.2-1 42.50 NOTE
r-devel-linux-x86_64-fedora-gcc 1.2-1 34.35 NOTE
r-devel-windows-ix86+x86_64 1.2-1 30.00 55.00 85.00 OK
r-patched-linux-x86_64 1.2-1 5.04 21.54 26.58 OK
r-patched-solaris-x86 1.2-1 50.20 OK
r-release-linux-x86_64 1.2-1 5.02 21.68 26.70 OK
r-release-macos-x86_64 1.2-1 ERROR
r-release-windows-ix86+x86_64 1.2-1 30.00 42.00 72.00 OK
r-oldrel-macos-x86_64 1.2-1 OK
r-oldrel-windows-ix86+x86_64 1.2-1 42.00 50.00 92.00 OK

Check Details

Version: 1.2-1
Check: compiled code
Result: NOTE
    File ‘minpack.lm/libs/minpack.lm.so’:
     Found no calls to: ‘R_registerRoutines’, ‘R_useDynamicSymbols’
    
    It is good practice to register native routines and to disable symbol
    search.
    
    See ‘Writing portable packages’ in the ‘Writing R Extensions’ manual.
Flavors: r-devel-linux-x86_64-fedora-clang, r-devel-linux-x86_64-fedora-gcc

Version: 1.2-1
Check: whether package can be installed
Result: ERROR
    Installation failed.
Flavor: r-release-macos-x86_64