CRAN Package Check Results for Package milorGWAS

Last updated on 2022-10-01 01:49:09 CEST.

Flavor Version Tinstall Tcheck Ttotal Status Flags
r-devel-linux-x86_64-debian-clang 0.3 61.29 95.49 156.78 OK
r-devel-linux-x86_64-debian-gcc 0.3 46.30 73.33 119.63 OK
r-devel-linux-x86_64-fedora-clang 0.3 235.10 OK
r-devel-linux-x86_64-fedora-gcc 0.3 198.73 OK
r-devel-windows-x86_64 0.3 52.00 141.00 193.00 OK
r-patched-linux-x86_64 0.3 47.69 90.20 137.89 OK
r-release-linux-x86_64 0.3 46.66 89.07 135.73 OK
r-release-macos-arm64 0.3 52.00 NOTE
r-release-macos-x86_64 0.3 80.00 NOTE
r-release-windows-x86_64 0.3 52.00 139.00 191.00 OK
r-oldrel-macos-arm64 0.3 60.00 NOTE
r-oldrel-macos-x86_64 0.3 106.00 NOTE
r-oldrel-windows-ix86+x86_64 0.3 141.00 160.00 301.00 OK

Check Details

Version: 0.3
Check: installed package size
Result: NOTE
     installed size is 6.9Mb
     sub-directories of 1Mb or more:
     libs 6.3Mb
Flavors: r-release-macos-arm64, r-release-macos-x86_64, r-oldrel-macos-arm64, r-oldrel-macos-x86_64