CRAN Package Check Results for Package midas

Last updated on 2024-05-22 06:56:45 CEST.

Flavor Version Tinstall Tcheck Ttotal Status Flags
r-devel-linux-x86_64-debian-clang 1.0.1 3.25 38.32 41.57 NOTE
r-devel-linux-x86_64-debian-gcc 1.0.1 2.90 28.68 31.58 NOTE
r-devel-linux-x86_64-fedora-clang 1.0.1 53.02 NOTE
r-devel-linux-x86_64-fedora-gcc 1.0.1 55.53 NOTE
r-devel-windows-x86_64 1.0.1 5.00 60.00 65.00 NOTE
r-patched-linux-x86_64 1.0.1 3.58 36.59 40.17 NOTE
r-release-linux-x86_64 1.0.1 4.28 36.65 40.93 NOTE
r-release-macos-arm64 1.0.1 21.00 NOTE
r-release-windows-x86_64 1.0.1 6.00 55.00 61.00 NOTE
r-oldrel-macos-arm64 1.0.1 20.00 NOTE
r-oldrel-macos-x86_64 1.0.1 29.00 NOTE
r-oldrel-windows-x86_64 1.0.1 6.00 58.00 64.00 NOTE

Check Details

Version: 1.0.1
Check: LazyData
Result: NOTE 'LazyData' is specified without a 'data' directory Flavors: r-devel-linux-x86_64-debian-clang, r-devel-linux-x86_64-debian-gcc, r-devel-linux-x86_64-fedora-clang, r-devel-linux-x86_64-fedora-gcc, r-devel-windows-x86_64, r-patched-linux-x86_64, r-release-linux-x86_64, r-release-macos-arm64, r-release-windows-x86_64, r-oldrel-macos-arm64, r-oldrel-macos-x86_64, r-oldrel-windows-x86_64