CRAN Package Check Results for Package microclass

Last updated on 2022-09-24 21:51:07 CEST.

Flavor Version Tinstall Tcheck Ttotal Status Flags
r-devel-linux-x86_64-debian-clang 1.2 78.03 81.31 159.34 NOTE
r-devel-linux-x86_64-debian-gcc 1.2 65.39 58.96 124.35 NOTE
r-devel-linux-x86_64-fedora-clang 1.2 227.42 NOTE
r-devel-linux-x86_64-fedora-gcc 1.2 208.18 NOTE
r-devel-windows-x86_64 1.2 76.00 128.00 204.00 NOTE
r-patched-linux-x86_64 1.2 61.09 74.37 135.46 NOTE
r-release-linux-x86_64 1.2 47.99 77.27 125.26 NOTE
r-release-macos-arm64 1.2 58.00 NOTE
r-release-macos-x86_64 1.2 99.00 NOTE
r-release-windows-x86_64 1.2 79.00 126.00 205.00 NOTE
r-oldrel-macos-arm64 1.2 66.00 NOTE
r-oldrel-macos-x86_64 1.2 112.00 NOTE
r-oldrel-windows-ix86+x86_64 1.2 196.00 140.00 336.00 NOTE

Check Details

Version: 1.2
Check: for GNU extensions in Makefiles
Result: NOTE
    GNU make is a SystemRequirements.
Flavors: r-devel-linux-x86_64-debian-clang, r-devel-linux-x86_64-debian-gcc, r-devel-linux-x86_64-fedora-clang, r-devel-linux-x86_64-fedora-gcc, r-devel-windows-x86_64, r-patched-linux-x86_64, r-release-linux-x86_64, r-release-macos-arm64, r-release-macos-x86_64, r-release-windows-x86_64, r-oldrel-macos-arm64, r-oldrel-macos-x86_64, r-oldrel-windows-ix86+x86_64

Version: 1.2
Check: dependencies in R code
Result: NOTE
    Namespace in Imports field not imported from: ‘tibble’
     All declared Imports should be used.
Flavors: r-devel-linux-x86_64-fedora-clang, r-devel-linux-x86_64-fedora-gcc, r-release-macos-arm64, r-release-macos-x86_64, r-oldrel-macos-arm64, r-oldrel-macos-x86_64