CRAN Package Check Results for Package microPop

Last updated on 2022-10-03 21:53:42 CEST.

Flavor Version Tinstall Tcheck Ttotal Status Flags
r-devel-linux-x86_64-debian-clang 1.6 7.95 1100.73 1108.68 OK
r-devel-linux-x86_64-debian-gcc 1.6 5.46 770.28 775.74 OK
r-devel-linux-x86_64-fedora-clang 1.6 1435.48 NOTE
r-devel-linux-x86_64-fedora-gcc 1.6 1355.84 NOTE
r-devel-windows-x86_64 1.6 64.00 1001.00 1065.00 OK
r-patched-linux-x86_64 1.6 7.58 1060.57 1068.15 OK
r-release-linux-x86_64 1.6 6.52 1077.97 1084.49 OK
r-release-macos-arm64 1.6 247.00 NOTE
r-release-macos-x86_64 1.6 433.00 NOTE
r-release-windows-x86_64 1.6 92.00 988.00 1080.00 OK
r-oldrel-macos-arm64 1.6 189.00 NOTE
r-oldrel-macos-x86_64 1.6 351.00 NOTE
r-oldrel-windows-ix86+x86_64 1.6 15.00 1201.00 1216.00 OK

Check Details

Version: 1.6
Check: dependencies in R code
Result: NOTE
    Namespace in Imports field not imported from: ‘testthat’
     All declared Imports should be used.
Flavors: r-devel-linux-x86_64-fedora-clang, r-devel-linux-x86_64-fedora-gcc, r-release-macos-arm64, r-release-macos-x86_64, r-oldrel-macos-arm64, r-oldrel-macos-x86_64