CRAN Package Check Results for Package miceadds

Last updated on 2020-07-05 07:47:42 CEST.

Flavor Version Tinstall Tcheck Ttotal Status Flags
r-devel-linux-x86_64-debian-clang 3.9-14 147.79 128.44 276.23 OK
r-devel-linux-x86_64-debian-gcc 3.9-14 112.76 94.66 207.42 OK
r-devel-linux-x86_64-fedora-clang 3.9-14 375.58 NOTE
r-devel-linux-x86_64-fedora-gcc 3.9-14 342.18 OK
r-devel-windows-ix86+x86_64 3.9-14 387.00 180.00 567.00 OK
r-patched-linux-x86_64 3.9-14 119.18 126.08 245.26 OK
r-patched-solaris-x86 3.9-14 337.60 OK
r-release-linux-x86_64 3.9-14 121.07 125.24 246.31 OK
r-release-osx-x86_64 3.9-14 NOTE
r-release-windows-ix86+x86_64 3.9-14 272.00 172.00 444.00 OK
r-oldrel-osx-x86_64 3.9-14 NOTE
r-oldrel-windows-ix86+x86_64 3.9-14 357.00 251.00 608.00 OK

Check Details

Version: 3.9-14
Check: installed package size
Result: NOTE
     installed size is 8.4Mb
     sub-directories of 1Mb or more:
     libs 6.8Mb
Flavors: r-devel-linux-x86_64-fedora-clang, r-release-osx-x86_64, r-oldrel-osx-x86_64