CRAN Package Check Results for Package miceFast

Last updated on 2020-10-24 07:49:49 CEST.

Flavor Version Tinstall Tcheck Ttotal Status Flags
r-devel-linux-x86_64-debian-clang 0.6.2 125.00 87.56 212.56 OK
r-devel-linux-x86_64-debian-gcc 0.6.2 94.68 60.76 155.44 OK
r-devel-linux-x86_64-fedora-clang 0.6.2 293.87 NOTE
r-devel-linux-x86_64-fedora-gcc 0.6.2 267.37 OK
r-devel-windows-ix86+x86_64 0.6.2 265.00 166.00 431.00 OK
r-patched-linux-x86_64 0.6.2 112.79 76.35 189.14 OK
r-patched-solaris-x86 0.6.2 240.20 OK
r-release-linux-x86_64 0.6.2 106.26 76.47 182.73 OK
r-release-macos-x86_64 0.6.2 NOTE
r-release-windows-ix86+x86_64 0.6.2 211.00 119.00 330.00 OK
r-oldrel-macos-x86_64 0.6.2 NOTE
r-oldrel-windows-ix86+x86_64 0.6.2 240.00 136.00 376.00 OK

Check Details

Version: 0.6.2
Check: installed package size
Result: NOTE
     installed size is 10.4Mb
     sub-directories of 1Mb or more:
     libs 9.4Mb
Flavors: r-devel-linux-x86_64-fedora-clang, r-release-macos-x86_64, r-oldrel-macos-x86_64