CRAN Package Check Results for Package miceFast

Last updated on 2022-06-25 12:54:28 CEST.

Flavor Version Tinstall Tcheck Ttotal Status Flags
r-devel-linux-x86_64-debian-clang 0.8.1 125.80 89.93 215.73 OK
r-devel-linux-x86_64-debian-gcc 0.8.1 99.03 63.42 162.45 OK
r-devel-linux-x86_64-fedora-clang 0.8.1 319.13 NOTE
r-devel-linux-x86_64-fedora-gcc 0.8.1 273.06 OK
r-devel-windows-x86_64 0.8.1 99.00 133.00 232.00 OK
r-patched-linux-x86_64 0.8.1 105.32 80.82 186.14 OK
r-release-linux-x86_64 0.8.1 105.12 81.00 186.12 OK
r-release-macos-arm64 0.8.1 65.00 NOTE
r-release-macos-x86_64 0.8.1 87.00 NOTE
r-release-windows-x86_64 0.8.1 101.00 140.00 241.00 OK
r-oldrel-macos-arm64 0.8.1 66.00 NOTE
r-oldrel-macos-x86_64 0.8.1 86.00 NOTE
r-oldrel-windows-ix86+x86_64 0.8.1 279.00 167.00 446.00 OK

Check Details

Version: 0.8.1
Check: installed package size
Result: NOTE
     installed size is 7.6Mb
     sub-directories of 1Mb or more:
     doc 1.0Mb
     libs 6.4Mb
Flavors: r-devel-linux-x86_64-fedora-clang, r-release-macos-arm64, r-release-macos-x86_64, r-oldrel-macos-arm64, r-oldrel-macos-x86_64