Last updated on 2022-08-14 18:49:18 CEST.
Flavor | Version | Tinstall | Tcheck | Ttotal | Status | Flags |
---|---|---|---|---|---|---|
r-devel-linux-x86_64-debian-clang | 0.6-16 | 7.66 | 82.68 | 90.34 | OK | |
r-devel-linux-x86_64-debian-gcc | 0.6-16 | 5.63 | 62.02 | 67.65 | OK | |
r-devel-linux-x86_64-fedora-clang | 0.6-16 | 114.06 | NOTE | |||
r-devel-linux-x86_64-fedora-gcc | 0.6-16 | 131.43 | OK | |||
r-devel-windows-x86_64 | 0.6-16 | 25.00 | 108.00 | 133.00 | OK | |
r-patched-linux-x86_64 | 0.6-16 | 11.13 | 78.57 | 89.70 | OK | |
r-release-linux-x86_64 | 0.6-16 | 7.03 | 78.38 | 85.41 | OK | |
r-release-macos-arm64 | 0.6-16 | 35.00 | OK | |||
r-release-macos-x86_64 | 0.6-16 | 50.00 | OK | |||
r-release-windows-x86_64 | 0.6-16 | 31.00 | 111.00 | 142.00 | OK | |
r-oldrel-macos-arm64 | 0.6-16 | 37.00 | OK | |||
r-oldrel-macos-x86_64 | 0.6-16 | 61.00 | OK | |||
r-oldrel-windows-ix86+x86_64 | 0.6-16 | 18.00 | 104.00 | 122.00 | OK |
Version: 0.6-16
Check: Rd cross-references
Result: NOTE
Undeclared packages ‘micEconAids’, ‘micEconSNQP’ in Rd xrefs
Flavor: r-devel-linux-x86_64-fedora-clang