CRAN Package Check Results for Package miWQS

Last updated on 2022-08-15 12:54:03 CEST.

Flavor Version Tinstall Tcheck Ttotal Status Flags
r-devel-linux-x86_64-debian-clang 0.4.4 19.91 192.16 212.07 OK
r-devel-linux-x86_64-debian-gcc 0.4.4 16.73 139.46 156.19 OK
r-devel-linux-x86_64-fedora-clang 0.4.4 271.06 NOTE
r-devel-linux-x86_64-fedora-gcc 0.4.4 286.58 NOTE
r-devel-windows-x86_64 0.4.4 38.00 231.00 269.00 ERROR
r-patched-linux-x86_64 0.4.4 21.27 180.10 201.37 OK
r-release-linux-x86_64 0.4.4 12.19 177.67 189.86 OK
r-release-macos-arm64 0.4.4 74.00 OK
r-release-macos-x86_64 0.4.4 113.00 OK
r-release-windows-x86_64 0.4.4 30.00 223.00 253.00 ERROR
r-oldrel-macos-arm64 0.4.4 74.00 OK
r-oldrel-macos-x86_64 0.4.4 125.00 OK
r-oldrel-windows-ix86+x86_64 0.4.4 40.00 225.00 265.00 OK

Check Details

Version: 0.4.4
Check: for detritus in the temp directory
Result: NOTE
    Found the following files/directories:
     ‘par-7269706c6579’
Flavors: r-devel-linux-x86_64-fedora-clang, r-devel-linux-x86_64-fedora-gcc

Version: 0.4.4
Check: re-building of vignette outputs
Result: ERROR
    Error(s) in re-building vignettes:
    --- re-building 'README.Rmd' using rmarkdown
    INFO - This is Biber 2.16
    INFO - Logfile is 'README.blg'
    INFO - Reading 'README.bcf'
    ERROR - Error: Found biblatex control file version 3.9, expected version 3.7.
    This means that your biber (2.16) and biblatex (3.18b) versions are incompatible.
    See compat matrix in biblatex or biber PDF documentation.
    INFO - ERRORS: 1
    Warning: LaTeX Warning: Empty bibliography on input line 181.
    Warning: LaTeX Warning: There were undefined references.
    Warning: LaTeX Warning: Label(s) may have changed. Rerun to get cross-references right.
    Warning: Package rerunfilecheck Warning: File `README.out' has changed.
    Warning: (rerunfilecheck) Rerun to get outlines right
    Warning: (rerunfilecheck) or use package `bookmark'.
    Warning: Package biblatex Warning: Please (re)run Biber on the file:
    Warning: (biblatex) README
    Warning: (biblatex) and rerun LaTeX afterwards.
    Error: processing vignette 'README.Rmd' failed with diagnostics:
    Failed to build the bibliography via biber
    --- failed re-building 'README.Rmd'
    
    SUMMARY: processing the following file failed:
     'README.Rmd'
    
    Error: Vignette re-building failed.
    Execution halted
Flavors: r-devel-windows-x86_64, r-release-windows-x86_64