CRAN Package Check Results for Package mgwrsar

Last updated on 2020-09-22 14:05:02 CEST.

Flavor Version Tinstall Tcheck Ttotal Status Flags
r-devel-linux-x86_64-debian-clang 0.1 69.42 721.29 790.71 WARN
r-devel-linux-x86_64-debian-gcc 0.1 57.73 563.40 621.13 OK
r-devel-linux-x86_64-fedora-clang 0.1 989.02 NOTE
r-devel-linux-x86_64-fedora-gcc 0.1 983.28 OK
r-devel-windows-ix86+x86_64 0.1 134.00 803.00 937.00 OK
r-patched-linux-x86_64 0.1 67.36 711.97 779.33 OK
r-patched-solaris-x86 0.1 305.00 WARN
r-release-linux-x86_64 0.1 60.76 725.00 785.76 WARN
r-release-macos-x86_64 0.1 WARN
r-release-windows-ix86+x86_64 0.1 134.00 946.00 1080.00 OK
r-oldrel-macos-x86_64 0.1 WARN
r-oldrel-windows-ix86+x86_64 0.1 88.00 933.00 1021.00 OK

Check Details

Version: 0.1
Check: re-building of vignette outputs
Result: WARN
    Error(s) in re-building vignettes:
     ...
    --- re-building 'mgwrsar-basic_examples.Rmd' using rmarkdown
    Killed
Flavors: r-devel-linux-x86_64-debian-clang, r-release-linux-x86_64

Version: 0.1
Check: installed package size
Result: NOTE
     installed size is 21.2Mb
     sub-directories of 1Mb or more:
     doc 1.1Mb
     libs 19.7Mb
Flavors: r-devel-linux-x86_64-fedora-clang, r-release-macos-x86_64, r-oldrel-macos-x86_64

Version: 0.1
Check: Rd cross-references
Result: NOTE
    Undeclared packages ‘McSpatial’, ‘locfit’ in Rd xrefs
Flavor: r-devel-linux-x86_64-fedora-clang

Version: 0.1
Check: re-building of vignette outputs
Result: WARN
    Error(s) in re-building vignettes:
     ...
    --- re-building ‘mgwrsar-basic_examples.Rmd’ using rmarkdown
    Warning in engine$weave(file, quiet = quiet, encoding = enc) :
     Pandoc (>= 1.12.3) and/or pandoc-citeproc not available. Falling back to R Markdown v1.
    Quitting from lines 91-94 (mgwrsar-basic_examples.Rmd)
    Error: processing vignette 'mgwrsar-basic_examples.Rmd' failed with diagnostics:
    there is no package called 'webshot'
    --- failed re-building ‘mgwrsar-basic_examples.Rmd’
    
    SUMMARY: processing the following file failed:
     ‘mgwrsar-basic_examples.Rmd’
    
    Error: Vignette re-building failed.
    Execution halted
Flavor: r-patched-solaris-x86

Version: 0.1
Check: re-building of vignette outputs
Result: WARN
    Error(s) in re-building vignettes:
     ...
    --- re-building ‘mgwrsar-basic_examples.Rmd’ using rmarkdown
    Warning in engine$weave(file, quiet = quiet, encoding = enc) :
     Pandoc (>= 1.12.3) and/or pandoc-citeproc not available. Falling back to R Markdown v1.
    Quitting from lines 91-94 (mgwrsar-basic_examples.Rmd)
    Error: processing vignette 'mgwrsar-basic_examples.Rmd' failed with diagnostics:
    cannot open the connection
    --- failed re-building ‘mgwrsar-basic_examples.Rmd’
    
    SUMMARY: processing the following file failed:
     ‘mgwrsar-basic_examples.Rmd’
    
    Error: Vignette re-building failed.
    Execution halted
Flavors: r-release-macos-x86_64, r-oldrel-macos-x86_64