CRAN Package Check Results for Package mgcViz

Last updated on 2020-11-01 01:47:26 CET.

Flavor Version Tinstall Tcheck Ttotal Status Flags
r-devel-linux-x86_64-debian-clang 0.1.6 23.39 331.06 354.45 OK
r-devel-linux-x86_64-debian-gcc 0.1.6 16.24 243.46 259.70 OK
r-devel-linux-x86_64-fedora-clang 0.1.6 413.43 NOTE
r-devel-linux-x86_64-fedora-gcc 0.1.6 444.45 OK
r-devel-windows-ix86+x86_64 0.1.6 43.00 390.00 433.00 NOTE
r-patched-linux-x86_64 0.1.6 21.43 304.40 325.83 OK
r-patched-solaris-x86 0.1.6 524.60 NOTE
r-release-linux-x86_64 0.1.6 19.87 300.46 320.33 OK
r-release-macos-x86_64 0.1.6 NOTE
r-release-windows-ix86+x86_64 0.1.6 35.00 522.00 557.00 NOTE
r-oldrel-macos-x86_64 0.1.6 WARN
r-oldrel-windows-ix86+x86_64 0.1.6 37.00 375.00 412.00 NOTE

Check Details

Version: 0.1.6
Check: installed package size
Result: NOTE
     installed size is 5.1Mb
     sub-directories of 1Mb or more:
     doc 4.4Mb
Flavors: r-devel-linux-x86_64-fedora-clang, r-devel-windows-ix86+x86_64, r-patched-solaris-x86, r-release-macos-x86_64, r-release-windows-ix86+x86_64, r-oldrel-macos-x86_64, r-oldrel-windows-ix86+x86_64

Version: 0.1.6
Check: whether package can be installed
Result: WARN
    Found the following significant warnings:
     Warning: 'rgl.init' failed, running with 'rgl.useNULL = TRUE'.
Flavor: r-oldrel-macos-x86_64