CRAN Package Check Results for Package mgc

Last updated on 2022-08-15 19:51:21 CEST.

Flavor Version Tinstall Tcheck Ttotal Status Flags
r-devel-linux-x86_64-debian-clang 2.0.2 37.29 447.70 484.99 NOTE
r-devel-linux-x86_64-debian-gcc 2.0.2 24.07 315.22 339.29 NOTE
r-devel-linux-x86_64-fedora-clang 2.0.2 577.49 NOTE
r-devel-linux-x86_64-fedora-gcc 2.0.2 547.19 NOTE
r-devel-windows-x86_64 2.0.2 44.00 467.00 511.00 NOTE
r-patched-linux-x86_64 2.0.2 26.72 414.14 440.86 NOTE
r-release-linux-x86_64 2.0.2 27.51 415.98 443.49 NOTE
r-release-macos-arm64 2.0.2 118.00 NOTE
r-release-macos-x86_64 2.0.2 168.00 NOTE
r-release-windows-x86_64 2.0.2 45.00 415.00 460.00 NOTE
r-oldrel-macos-arm64 2.0.2 117.00 NOTE
r-oldrel-macos-x86_64 2.0.2 163.00 NOTE
r-oldrel-windows-ix86+x86_64 2.0.2 67.00 660.00 727.00 NOTE

Check Details

Version: 2.0.2
Check: LazyData
Result: NOTE
     'LazyData' is specified without a 'data' directory
Flavors: r-devel-linux-x86_64-debian-clang, r-devel-linux-x86_64-debian-gcc, r-devel-linux-x86_64-fedora-clang, r-devel-linux-x86_64-fedora-gcc, r-devel-windows-x86_64, r-patched-linux-x86_64, r-release-linux-x86_64, r-release-macos-arm64, r-release-macos-x86_64, r-release-windows-x86_64, r-oldrel-macos-arm64, r-oldrel-macos-x86_64, r-oldrel-windows-ix86+x86_64

Version: 2.0.2
Check: dependencies in R code
Result: NOTE
    Namespaces in Imports field not imported from:
     ‘boot’ ‘energy’
     All declared Imports should be used.
Flavors: r-devel-linux-x86_64-fedora-clang, r-devel-linux-x86_64-fedora-gcc, r-release-macos-arm64, r-release-macos-x86_64, r-oldrel-macos-arm64, r-oldrel-macos-x86_64