CRAN Package Check Results for Package mfe

Last updated on 2020-10-24 07:49:49 CEST.

Flavor Version Tinstall Tcheck Ttotal Status Flags
r-devel-linux-x86_64-debian-clang 0.1.5 3.66 86.35 90.01 OK
r-devel-linux-x86_64-debian-gcc 0.1.5 2.93 63.49 66.42 OK
r-devel-linux-x86_64-fedora-clang 0.1.5 112.64 NOTE
r-devel-linux-x86_64-fedora-gcc 0.1.5 103.84 NOTE
r-devel-windows-ix86+x86_64 0.1.5 7.00 110.00 117.00 OK
r-patched-linux-x86_64 0.1.5 4.05 81.82 85.87 OK
r-patched-solaris-x86 0.1.5 131.80 NOTE
r-release-linux-x86_64 0.1.5 3.46 80.57 84.03 OK
r-release-macos-x86_64 0.1.5 NOTE
r-release-windows-ix86+x86_64 0.1.5 10.00 83.00 93.00 OK
r-oldrel-macos-x86_64 0.1.5 NOTE
r-oldrel-windows-ix86+x86_64 0.1.5 6.00 109.00 115.00 OK

Check Details

Version: 0.1.5
Check: dependencies in R code
Result: NOTE
    Namespace in Imports field not imported from: ‘ECoL’
     All declared Imports should be used.
Flavors: r-devel-linux-x86_64-fedora-clang, r-devel-linux-x86_64-fedora-gcc, r-patched-solaris-x86, r-release-macos-x86_64, r-oldrel-macos-x86_64