CRAN Package Check Results for Package mfe

Last updated on 2022-10-07 12:55:06 CEST.

Flavor Version Tinstall Tcheck Ttotal Status Flags
r-devel-linux-x86_64-debian-clang 0.1.5 4.47 91.17 95.64 NOTE
r-devel-linux-x86_64-debian-gcc 0.1.5 3.40 66.91 70.31 NOTE
r-devel-linux-x86_64-fedora-clang 0.1.5 125.33 NOTE
r-devel-linux-x86_64-fedora-gcc 0.1.5 118.87 NOTE
r-devel-windows-x86_64 0.1.5 30.00 126.00 156.00 NOTE
r-patched-linux-x86_64 0.1.5 5.11 85.92 91.03 NOTE
r-release-linux-x86_64 0.1.5 3.43 85.32 88.75 NOTE
r-release-macos-arm64 0.1.5 36.00 NOTE
r-release-macos-x86_64 0.1.5 46.00 NOTE
r-release-windows-x86_64 0.1.5 32.00 116.00 148.00 NOTE
r-oldrel-macos-arm64 0.1.5 40.00 NOTE
r-oldrel-macos-x86_64 0.1.5 69.00 NOTE
r-oldrel-windows-ix86+x86_64 0.1.5 8.00 124.00 132.00 NOTE

Check Details

Version: 0.1.5
Check: package subdirectories
Result: NOTE
    Problems with news in 'NEWS.md':
     Cannot extract version info from the following section titles:
     First release of mfe:
Flavors: r-devel-linux-x86_64-debian-clang, r-devel-linux-x86_64-debian-gcc, r-devel-linux-x86_64-fedora-clang, r-devel-linux-x86_64-fedora-gcc, r-devel-windows-x86_64

Version: 0.1.5
Check: LazyData
Result: NOTE
     'LazyData' is specified without a 'data' directory
Flavors: r-devel-linux-x86_64-debian-clang, r-devel-linux-x86_64-debian-gcc, r-devel-linux-x86_64-fedora-clang, r-devel-linux-x86_64-fedora-gcc, r-devel-windows-x86_64, r-patched-linux-x86_64, r-release-linux-x86_64, r-release-macos-arm64, r-release-macos-x86_64, r-release-windows-x86_64, r-oldrel-macos-arm64, r-oldrel-macos-x86_64, r-oldrel-windows-ix86+x86_64

Version: 0.1.5
Check: dependencies in R code
Result: NOTE
    Namespace in Imports field not imported from: ‘ECoL’
     All declared Imports should be used.
Flavors: r-devel-linux-x86_64-fedora-clang, r-devel-linux-x86_64-fedora-gcc, r-release-macos-arm64, r-release-macos-x86_64, r-oldrel-macos-arm64, r-oldrel-macos-x86_64