CRAN Package Check Results for Package mets

Last updated on 2022-10-07 06:53:15 CEST.

Flavor Version Tinstall Tcheck Ttotal Status Flags
r-devel-linux-x86_64-debian-clang 1.3.1 368.52 449.77 818.29 OK
r-devel-linux-x86_64-debian-gcc 1.3.1 296.12 330.41 626.53 WARN
r-devel-linux-x86_64-fedora-clang 1.3.1 1085.64 WARN
r-devel-linux-x86_64-fedora-gcc 1.3.1 1048.00 WARN
r-devel-windows-x86_64 1.3.1 334.00 546.00 880.00 NOTE
r-patched-linux-x86_64 1.3.1 324.83 418.19 743.02 OK
r-release-linux-x86_64 1.3.1 330.50 415.54 746.04 OK
r-release-macos-arm64 1.3.1 251.00 NOTE
r-release-macos-x86_64 1.3.1 325.00 NOTE
r-release-windows-x86_64 1.3.1 327.00 527.00 854.00 NOTE
r-oldrel-macos-arm64 1.3.0 235.00 NOTE
r-oldrel-macos-x86_64 1.3.1 339.00 NOTE
r-oldrel-windows-ix86+x86_64 1.3.1 452.00 550.00 1002.00 NOTE

Check Details

Version: 1.3.1
Check: whether package can be installed
Result: WARN
    Found the following significant warnings:
     init.c:37:1: warning: function declaration isn’t a prototype [-Wstrict-prototypes]
Flavors: r-devel-linux-x86_64-debian-gcc, r-devel-linux-x86_64-fedora-gcc

Version: 1.3.1
Check: compilation flags used
Result: NOTE
    Compilation used the following non-portable flag(s):
     ‘-Wstrict-prototypes’
Flavor: r-devel-linux-x86_64-debian-gcc

Version: 1.3.1
Check: whether package can be installed
Result: WARN
    Found the following significant warnings:
     init.c:37:47: warning: a function declaration without a prototype is deprecated in all versions of C [-Wstrict-prototypes]
Flavor: r-devel-linux-x86_64-fedora-clang

Version: 1.3.1
Check: installed package size
Result: NOTE
     installed size is 7.9Mb
     sub-directories of 1Mb or more:
     R 1.6Mb
     doc 2.4Mb
     libs 2.1Mb
Flavors: r-devel-linux-x86_64-fedora-clang, r-devel-windows-x86_64, r-release-macos-arm64, r-release-macos-x86_64, r-release-windows-x86_64, r-oldrel-macos-x86_64, r-oldrel-windows-ix86+x86_64

Version: 1.3.0
Check: installed package size
Result: NOTE
     installed size is 29.8Mb
     sub-directories of 1Mb or more:
     R 2.0Mb
     data 2.8Mb
     doc 3.6Mb
     libs 20.5Mb
Flavor: r-oldrel-macos-arm64