CRAN Package Check Results for Package metro

Last updated on 2022-10-01 01:49:09 CEST.

Flavor Version Tinstall Tcheck Ttotal Status Flags
r-devel-linux-x86_64-debian-clang 0.9.1 6.27 50.42 56.69 OK
r-devel-linux-x86_64-debian-gcc 0.9.1 3.73 38.25 41.98 OK
r-devel-linux-x86_64-fedora-clang 0.9.1 81.94 NOTE
r-devel-linux-x86_64-fedora-gcc 0.9.1 75.34 NOTE
r-devel-windows-x86_64 0.9.1 22.00 97.00 119.00 OK
r-patched-linux-x86_64 0.9.1 6.37 47.53 53.90 OK
r-release-linux-x86_64 0.9.1 4.62 47.21 51.83 OK
r-release-macos-arm64 0.9.1 22.00 NOTE
r-release-macos-x86_64 0.9.1 34.00 NOTE
r-release-windows-x86_64 0.9.1 23.00 74.00 97.00 OK
r-oldrel-macos-arm64 0.9.1 27.00 NOTE
r-oldrel-macos-x86_64 0.9.1 1803.00 NOTE
r-oldrel-windows-ix86+x86_64 0.9.1 13.00 73.00 86.00 OK

Check Details

Version: 0.9.1
Check: data for non-ASCII characters
Result: NOTE
     Note: found 1 marked UTF-8 string
Flavors: r-devel-linux-x86_64-fedora-clang, r-devel-linux-x86_64-fedora-gcc, r-release-macos-arm64, r-release-macos-x86_64, r-oldrel-macos-arm64, r-oldrel-macos-x86_64