CRAN Package Check Results for Package metools

Last updated on 2022-08-09 12:53:30 CEST.

Flavor Version Tinstall Tcheck Ttotal Status Flags
r-devel-linux-x86_64-debian-clang 1.0.0 4.68 51.97 56.65 NOTE
r-devel-linux-x86_64-debian-gcc 1.0.0 2.50 38.28 40.78 NOTE
r-devel-linux-x86_64-fedora-clang 1.0.0 74.94 NOTE
r-devel-linux-x86_64-fedora-gcc 1.0.0 73.30 NOTE
r-devel-windows-x86_64 1.0.0 29.00 83.00 112.00 NOTE
r-patched-linux-x86_64 1.0.0 5.52 46.89 52.41 NOTE
r-release-linux-x86_64 1.0.0 NOTE
r-release-macos-arm64 1.0.0 23.00 NOTE
r-release-macos-x86_64 1.0.0 37.00 NOTE
r-release-windows-x86_64 1.0.0 27.00 78.00 105.00 NOTE
r-oldrel-macos-arm64 1.0.0 27.00 NOTE
r-oldrel-macos-x86_64 1.0.0 45.00 NOTE
r-oldrel-windows-ix86+x86_64 1.0.0 10.00 70.00 80.00 NOTE

Check Details

Version: 1.0.0
Check: LazyData
Result: NOTE
     'LazyData' is specified without a 'data' directory
Flavors: r-devel-linux-x86_64-debian-clang, r-devel-linux-x86_64-debian-gcc, r-devel-linux-x86_64-fedora-clang, r-devel-linux-x86_64-fedora-gcc, r-devel-windows-x86_64, r-patched-linux-x86_64, r-release-linux-x86_64, r-release-macos-arm64, r-release-macos-x86_64, r-release-windows-x86_64, r-oldrel-macos-arm64, r-oldrel-macos-x86_64, r-oldrel-windows-ix86+x86_64