CRAN Package Check Results for Package meteorits

Last updated on 2022-10-02 12:55:58 CEST.

Flavor Version Tinstall Tcheck Ttotal Status Flags
r-devel-linux-x86_64-debian-clang 0.1.1 53.80 233.40 287.20 OK
r-devel-linux-x86_64-debian-gcc 0.1.1 44.40 165.49 209.89 OK
r-devel-linux-x86_64-fedora-clang 0.1.1 324.00 OK
r-devel-linux-x86_64-fedora-gcc 0.1.1 346.05 OK
r-devel-windows-x86_64 0.1.1 79.00 308.00 387.00 NOTE
r-patched-linux-x86_64 0.1.1 47.51 194.69 242.20 OK
r-release-linux-x86_64 0.1.1 44.33 224.05 268.38 OK
r-release-macos-arm64 0.1.1 93.00 NOTE
r-release-macos-x86_64 0.1.1 125.00 NOTE
r-release-windows-x86_64 0.1.1 99.00 359.00 458.00 NOTE
r-oldrel-macos-arm64 0.1.1 91.00 NOTE
r-oldrel-macos-x86_64 0.1.1 203.00 NOTE
r-oldrel-windows-ix86+x86_64 0.1.1 134.00 405.00 539.00 NOTE

Check Details

Version: 0.1.1
Check: installed package size
Result: NOTE
     installed size is 5.9Mb
     sub-directories of 1Mb or more:
     doc 2.3Mb
     help 2.0Mb
     libs 1.2Mb
Flavors: r-devel-windows-x86_64, r-release-macos-arm64, r-release-macos-x86_64, r-release-windows-x86_64, r-oldrel-macos-arm64, r-oldrel-macos-x86_64, r-oldrel-windows-ix86+x86_64