CRAN Package Check Results for Package meteoland

Last updated on 2022-10-03 01:53:59 CEST.

Flavor Version Tinstall Tcheck Ttotal Status Flags
r-devel-linux-x86_64-debian-clang 1.0.3 112.48 186.66 299.14 OK
r-devel-linux-x86_64-debian-gcc 1.0.3 80.37 135.70 216.07 OK
r-devel-linux-x86_64-fedora-clang 1.0.3 412.95 NOTE
r-devel-linux-x86_64-fedora-gcc 1.0.3 367.04 NOTE
r-devel-windows-x86_64 1.0.3 127.00 245.00 372.00 OK
r-patched-linux-x86_64 1.0.3 85.48 171.57 257.05 OK
r-release-linux-x86_64 1.0.3 69.66 174.08 243.74 OK
r-release-macos-arm64 1.0.3 93.00 NOTE
r-release-macos-x86_64 1.0.3 125.00 NOTE
r-release-windows-x86_64 1.0.3 165.00 249.00 414.00 OK
r-oldrel-macos-arm64 1.0.3 90.00 NOTE
r-oldrel-macos-x86_64 1.0.3 123.00 NOTE
r-oldrel-windows-ix86+x86_64 1.0.3 251.00 295.00 546.00 OK

Check Details

Version: 1.0.3
Check: data for non-ASCII characters
Result: NOTE
     Note: found 2 marked UTF-8 strings
Flavors: r-devel-linux-x86_64-fedora-clang, r-devel-linux-x86_64-fedora-gcc, r-release-macos-arm64, r-release-macos-x86_64, r-oldrel-macos-arm64, r-oldrel-macos-x86_64

Version: 1.0.3
Check: installed package size
Result: NOTE
     installed size is 5.5Mb
     sub-directories of 1Mb or more:
     libs 3.3Mb
Flavors: r-release-macos-arm64, r-release-macos-x86_64, r-oldrel-macos-arm64, r-oldrel-macos-x86_64