Last updated on 2022-08-11 21:50:09 CEST.
Flavor | Version | Tinstall | Tcheck | Ttotal | Status | Flags |
---|---|---|---|---|---|---|
r-devel-linux-x86_64-debian-clang | 0.3.0 | 3.91 | 39.24 | 43.15 | OK | |
r-devel-linux-x86_64-debian-gcc | 0.3.0 | 2.94 | 30.40 | 33.34 | OK | |
r-devel-linux-x86_64-fedora-clang | 0.3.0 | 60.99 | NOTE | |||
r-devel-linux-x86_64-fedora-gcc | 0.3.0 | 63.83 | NOTE | |||
r-devel-windows-x86_64 | 0.3.0 | 26.00 | 66.00 | 92.00 | OK | |
r-patched-linux-x86_64 | 0.3.0 | 3.14 | 37.91 | 41.05 | OK | |
r-release-linux-x86_64 | 0.3.0 | 2.94 | 38.18 | 41.12 | OK | |
r-release-macos-arm64 | 0.3.0 | 22.00 | NOTE | |||
r-release-macos-x86_64 | 0.3.0 | 29.00 | NOTE | |||
r-release-windows-x86_64 | 0.3.0 | 21.00 | 65.00 | 86.00 | OK | |
r-oldrel-macos-arm64 | 0.3.0 | 23.00 | NOTE | |||
r-oldrel-macos-x86_64 | 0.3.0 | 29.00 | NOTE | |||
r-oldrel-windows-ix86+x86_64 | 0.3.0 | 7.00 | 59.00 | 66.00 | OK |
Version: 0.3.0
Check: dependencies in R code
Result: NOTE
Namespace in Imports field not imported from: ‘progress’
All declared Imports should be used.
Flavors: r-devel-linux-x86_64-fedora-clang, r-devel-linux-x86_64-fedora-gcc, r-release-macos-arm64, r-release-macos-x86_64, r-oldrel-macos-arm64, r-oldrel-macos-x86_64