CRAN Package Check Results for Package metaheuristicOpt

Last updated on 2024-06-15 06:49:50 CEST.

Flavor Version Tinstall Tcheck Ttotal Status Flags
r-devel-linux-x86_64-debian-clang 2.0.0 6.01 69.17 75.18 NOTE
r-devel-linux-x86_64-debian-gcc 2.0.0 4.64 47.15 51.79 NOTE
r-devel-linux-x86_64-fedora-clang 2.0.0 88.97 NOTE
r-devel-linux-x86_64-fedora-gcc 2.0.0 83.33 NOTE
r-devel-windows-x86_64 2.0.0 6.00 62.00 68.00 NOTE
r-patched-linux-x86_64 2.0.0 6.28 64.45 70.73 NOTE
r-release-linux-x86_64 2.0.0 4.39 65.17 69.56 NOTE
r-release-macos-arm64 2.0.0 23.00 NOTE
r-release-macos-x86_64 2.0.0 37.00 NOTE
r-release-windows-x86_64 2.0.0 6.00 60.00 66.00 NOTE
r-oldrel-macos-arm64 2.0.0 28.00 NOTE
r-oldrel-macos-x86_64 2.0.0 42.00 NOTE
r-oldrel-windows-x86_64 2.0.0 6.00 76.00 82.00 NOTE

Check Details

Version: 2.0.0
Check: LazyData
Result: NOTE 'LazyData' is specified without a 'data' directory Flavors: r-devel-linux-x86_64-debian-clang, r-devel-linux-x86_64-debian-gcc, r-devel-linux-x86_64-fedora-clang, r-devel-linux-x86_64-fedora-gcc, r-devel-windows-x86_64, r-patched-linux-x86_64, r-release-linux-x86_64, r-release-macos-arm64, r-release-macos-x86_64, r-release-windows-x86_64, r-oldrel-macos-arm64, r-oldrel-macos-x86_64, r-oldrel-windows-x86_64