Last updated on 2023-09-27 21:01:28 CEST.
Flavor | Version | Tinstall | Tcheck | Ttotal | Status | Flags |
---|---|---|---|---|---|---|
r-devel-linux-x86_64-debian-clang | 0.1.3 | 16.37 | 170.22 | 186.59 | NOTE | |
r-devel-linux-x86_64-debian-gcc | 0.1.3 | 11.25 | 122.74 | 133.99 | NOTE | |
r-devel-linux-x86_64-fedora-clang | 0.1.3 | 211.65 | NOTE | |||
r-devel-linux-x86_64-fedora-gcc | 0.1.3 | 234.09 | NOTE | |||
r-devel-windows-x86_64 | 0.1.3 | 13.00 | 136.00 | 149.00 | NOTE | |
r-patched-linux-x86_64 | 0.1.3 | 12.65 | 157.65 | 170.30 | OK | |
r-release-linux-x86_64 | 0.1.3 | 10.59 | 156.58 | 167.17 | OK | |
r-release-macos-arm64 | 0.1.3 | 75.00 | OK | |||
r-release-macos-x86_64 | 0.1.3 | 105.00 | OK | |||
r-release-windows-x86_64 | 0.1.3 | 17.00 | 170.00 | 187.00 | OK | |
r-oldrel-macos-arm64 | 0.1.3 | 61.00 | OK | |||
r-oldrel-macos-x86_64 | 0.1.3 | 108.00 | OK | |||
r-oldrel-windows-x86_64 | 0.1.3 | 15.00 | 169.00 | 184.00 | OK |
Version: 0.1.3
Check: Rd \usage sections
Result: NOTE
Documented arguments not in \usage in documentation object 'ClusterMF-deprecated':
‘formula’ ‘data’ ‘vi’ ‘study’ ‘whichweights’ ‘num.trees’ ‘mtry’
‘method’ ‘tau2’
Functions with \usage entries need to have the appropriate \alias
entries, and all their arguments documented.
The \usage entries must correspond to syntactically valid R code.
See chapter ‘Writing R documentation files’ in the ‘Writing R
Extensions’ manual.
Flavors: r-devel-linux-x86_64-debian-clang, r-devel-linux-x86_64-debian-gcc, r-devel-linux-x86_64-fedora-clang, r-devel-linux-x86_64-fedora-gcc, r-devel-windows-x86_64