CRAN Package Check Results for Package metacoder

Last updated on 2020-09-20 07:51:34 CEST.

Flavor Version Tinstall Tcheck Ttotal Status Flags
r-devel-linux-x86_64-debian-clang 0.3.4 26.59 125.83 152.42 OK
r-devel-linux-x86_64-debian-gcc 0.3.4 22.88 92.19 115.07 OK
r-devel-linux-x86_64-fedora-clang 0.3.4 198.99 NOTE
r-devel-linux-x86_64-fedora-gcc 0.3.4 186.32 NOTE
r-devel-windows-ix86+x86_64 0.3.4 65.00 201.00 266.00 OK
r-patched-linux-x86_64 0.3.4 25.75 121.86 147.61 OK
r-patched-solaris-x86 0.3.4 223.70 NOTE
r-release-linux-x86_64 0.3.4 24.61 122.42 147.03 OK
r-release-macos-x86_64 0.3.4 NOTE
r-release-windows-ix86+x86_64 0.3.4 70.00 248.00 318.00 OK
r-oldrel-macos-x86_64 0.3.4 NOTE
r-oldrel-windows-ix86+x86_64 0.3.4 45.00 235.00 280.00 OK

Check Details

Version: 0.3.4
Check: package dependencies
Result: NOTE
    Imports includes 30 non-default packages.
    Importing from so many packages makes the package vulnerable to any of
    them becoming unavailable. Move as many as possible to Suggests and
    use conditionally.
Flavor: r-devel-linux-x86_64-fedora-clang

Version: 0.3.4
Check: dependencies in R code
Result: NOTE
    Namespaces in Imports field not imported from:
     ‘ggrepel’ ‘reshape’ ‘svglite’
     All declared Imports should be used.
Flavors: r-devel-linux-x86_64-fedora-clang, r-devel-linux-x86_64-fedora-gcc, r-patched-solaris-x86, r-release-macos-x86_64, r-oldrel-macos-x86_64