Last updated on 2022-08-12 06:49:24 CEST.
Flavor | Version | Tinstall | Tcheck | Ttotal | Status | Flags |
---|---|---|---|---|---|---|
r-devel-linux-x86_64-debian-clang | 0.1.0 | 2.86 | 31.90 | 34.76 | OK | |
r-devel-linux-x86_64-debian-gcc | 0.1.0 | 0.43 | 2.30 | 2.73 | ERROR | |
r-devel-linux-x86_64-fedora-clang | 0.1.0 | 53.73 | NOTE | |||
r-devel-linux-x86_64-fedora-gcc | 0.1.0 | 52.05 | NOTE | |||
r-devel-windows-x86_64 | 0.1.0 | 13.00 | 59.00 | 72.00 | OK | |
r-patched-linux-x86_64 | 0.1.0 | 2.46 | 30.83 | 33.29 | OK | |
r-release-linux-x86_64 | 0.1.0 | 1.76 | 31.28 | 33.04 | OK | |
r-release-macos-arm64 | 0.1.0 | 18.00 | NOTE | |||
r-release-macos-x86_64 | 0.1.0 | 28.00 | NOTE | |||
r-release-windows-x86_64 | 0.1.0 | 18.00 | 55.00 | 73.00 | OK | |
r-oldrel-macos-arm64 | 0.1.0 | 23.00 | NOTE | |||
r-oldrel-macos-x86_64 | 0.1.0 | 29.00 | NOTE | |||
r-oldrel-windows-ix86+x86_64 | 0.1.0 | 9.00 | 49.00 | 58.00 | OK |
Version: 0.1.0
Check: package dependencies
Result: ERROR
Package required but not available: ‘gbm’
See section ‘The DESCRIPTION file’ in the ‘Writing R Extensions’
manual.
Flavor: r-devel-linux-x86_64-debian-gcc
Version: 0.1.0
Check: dependencies in R code
Result: NOTE
Namespaces in Imports field not imported from:
‘e1071’ ‘gbm’ ‘ggplot2’ ‘graphics’ ‘randomForest’
All declared Imports should be used.
Flavors: r-devel-linux-x86_64-fedora-clang, r-devel-linux-x86_64-fedora-gcc, r-release-macos-arm64, r-release-macos-x86_64, r-oldrel-macos-arm64, r-oldrel-macos-x86_64