Last updated on 2022-08-12 21:53:07 CEST.
Flavor | Version | Tinstall | Tcheck | Ttotal | Status | Flags |
---|---|---|---|---|---|---|
r-devel-linux-x86_64-debian-clang | 2.1.1 | 17.41 | 92.31 | 109.72 | NOTE | |
r-devel-linux-x86_64-debian-gcc | 2.1.1 | 11.13 | 71.67 | 82.80 | NOTE | |
r-devel-linux-x86_64-fedora-clang | 2.1.1 | 141.58 | OK | |||
r-devel-linux-x86_64-fedora-gcc | 2.1.1 | 138.64 | OK | |||
r-devel-windows-x86_64 | 2.1.1 | 51.00 | 109.00 | 160.00 | NOTE | |
r-patched-linux-x86_64 | 2.1.1 | 13.99 | 90.86 | 104.85 | NOTE | |
r-release-linux-x86_64 | 2.1.1 | 11.94 | 90.78 | 102.72 | NOTE | |
r-release-macos-arm64 | 2.1.1 | 36.00 | NOTE | |||
r-release-macos-x86_64 | 2.1.1 | 62.00 | NOTE | |||
r-release-windows-x86_64 | 2.1.1 | 67.00 | 110.00 | 177.00 | NOTE | |
r-oldrel-macos-arm64 | 2.1.1 | 209.00 | NOTE | |||
r-oldrel-macos-x86_64 | 2.1.1 | 49.00 | NOTE | |||
r-oldrel-windows-ix86+x86_64 | 2.1.1 | 28.00 | 107.00 | 135.00 | OK |
Version: 2.1.1
Check: package dependencies
Result: NOTE
Package suggested but not available for checking: 'INLA'
Flavors: r-devel-linux-x86_64-debian-clang, r-devel-linux-x86_64-debian-gcc, r-devel-windows-x86_64, r-patched-linux-x86_64, r-release-linux-x86_64, r-release-macos-arm64, r-release-macos-x86_64, r-release-windows-x86_64, r-oldrel-macos-arm64, r-oldrel-macos-x86_64