CRAN Package Check Results for Package memisc

Last updated on 2020-11-25 19:49:25 CET.

Flavor Version Tinstall Tcheck Ttotal Status Flags
r-devel-linux-x86_64-debian-clang 0.99.27.3 34.68 174.44 209.12 OK
r-devel-linux-x86_64-debian-gcc 0.99.27.3 31.92 125.42 157.34 OK
r-devel-linux-x86_64-fedora-clang 0.99.27.3 250.73 NOTE
r-devel-linux-x86_64-fedora-gcc 0.99.27.3 249.83 OK
r-devel-windows-ix86+x86_64 0.99.27.3 68.00 257.00 325.00 NOTE
r-patched-linux-x86_64 0.99.27.3 34.63 157.04 191.67 OK
r-patched-solaris-x86 0.99.27.3 284.80 NOTE
r-release-linux-x86_64 0.99.27.3 36.55 155.68 192.23 OK
r-release-macos-x86_64 0.99.27.3 NOTE
r-release-windows-ix86+x86_64 0.99.27.3 70.00 238.00 308.00 NOTE
r-oldrel-macos-x86_64 0.99.27.3 NOTE
r-oldrel-windows-ix86+x86_64 0.99.27.3 56.00 186.00 242.00 NOTE

Check Details

Version: 0.99.27.3
Check: installed package size
Result: NOTE
     installed size is 5.4Mb
     sub-directories of 1Mb or more:
     R 1.3Mb
     doc 3.1Mb
Flavors: r-devel-linux-x86_64-fedora-clang, r-devel-windows-ix86+x86_64, r-patched-solaris-x86, r-release-macos-x86_64, r-release-windows-ix86+x86_64, r-oldrel-macos-x86_64, r-oldrel-windows-ix86+x86_64