CRAN Package Check Results for Package mem

Last updated on 2021-01-21 07:53:00 CET.

Flavor Version Tinstall Tcheck Ttotal Status Flags
r-devel-linux-x86_64-debian-clang 2.16 16.25 110.25 126.50 OK
r-devel-linux-x86_64-debian-gcc 2.16 13.09 80.44 93.53 OK
r-devel-linux-x86_64-fedora-clang 2.16 158.81 OK
r-devel-linux-x86_64-fedora-gcc 2.16 150.93 OK
r-devel-windows-ix86+x86_64 2.16 18.00 94.00 112.00 OK
r-patched-linux-x86_64 2.16 16.61 101.23 117.84 OK
r-patched-solaris-x86 2.16 197.70 OK
r-release-linux-x86_64 2.16 16.64 101.02 117.66 OK
r-release-macos-x86_64 2.16 OK
r-release-windows-ix86+x86_64 2.16 30.00 118.00 148.00 OK
r-oldrel-macos-x86_64 2.16 WARN
r-oldrel-windows-ix86+x86_64 2.16 17.00 84.00 101.00 OK

Additional issues

donttest

Check Details

Version: 2.16
Check: dependencies in R code
Result: NOTE
    No protocol specified
    No protocol specified
Flavor: r-oldrel-macos-x86_64

Version: 2.16
Check: S3 generic/method consistency
Result: WARN
    No protocol specified
    No protocol specified
    See section ‘Generic functions and methods’ in the ‘Writing R
    Extensions’ manual.
Flavor: r-oldrel-macos-x86_64

Version: 2.16
Check: replacement functions
Result: WARN
    No protocol specified
    No protocol specified
    The argument of a replacement function which corresponds to the right
    hand side must be named ‘value’.
Flavor: r-oldrel-macos-x86_64

Version: 2.16
Check: foreign function calls
Result: NOTE
    No protocol specified
    No protocol specified
    See chapter ‘System and foreign language interfaces’ in the ‘Writing R
    Extensions’ manual.
Flavor: r-oldrel-macos-x86_64

Version: 2.16
Check: R code for possible problems
Result: NOTE
    No protocol specified
    No protocol specified
Flavor: r-oldrel-macos-x86_64

Version: 2.16
Check: for missing documentation entries
Result: WARN
    No protocol specified
    No protocol specified
    All user-level objects in a package should have documentation entries.
    See chapter ‘Writing R documentation files’ in the ‘Writing R
    Extensions’ manual.
Flavor: r-oldrel-macos-x86_64

Version: 2.16
Check: for code/documentation mismatches
Result: WARN
    No protocol specified
    No protocol specified
    No protocol specified
    No protocol specified
    No protocol specified
    No protocol specified
Flavor: r-oldrel-macos-x86_64

Version: 2.16
Check: Rd \usage sections
Result: NOTE
    No protocol specified
    No protocol specified
    The \usage entries for S3 methods should use the \method markup and not
    their full name.
    See chapter ‘Writing R documentation files’ in the ‘Writing R
    Extensions’ manual.
Flavor: r-oldrel-macos-x86_64