CRAN Package Check Results for Package mem

Last updated on 2020-10-24 01:48:25 CEST.

Flavor Version Tinstall Tcheck Ttotal Status Flags
r-devel-linux-x86_64-debian-clang 2.16 16.39 103.12 119.51 OK
r-devel-linux-x86_64-debian-gcc 2.16 12.56 77.44 90.00 OK
r-devel-linux-x86_64-fedora-clang 2.16 166.08 OK
r-devel-linux-x86_64-fedora-gcc 2.16 153.65 OK
r-devel-windows-ix86+x86_64 2.16 25.00 118.00 143.00 OK
r-patched-linux-x86_64 2.16 16.86 95.76 112.62 OK
r-patched-solaris-x86 2.16 191.30 OK
r-release-linux-x86_64 2.16 15.53 95.65 111.18 OK
r-release-macos-x86_64 2.16 OK
r-release-windows-ix86+x86_64 2.16 31.00 88.00 119.00 OK
r-oldrel-macos-x86_64 2.16 WARN
r-oldrel-windows-ix86+x86_64 2.16 22.00 108.00 130.00 OK

Additional issues

donttest

Check Details

Version: 2.16
Check: dependencies in R code
Result: NOTE
    No protocol specified
    No protocol specified
Flavor: r-oldrel-macos-x86_64

Version: 2.16
Check: S3 generic/method consistency
Result: WARN
    No protocol specified
    No protocol specified
    See section ‘Generic functions and methods’ in the ‘Writing R
    Extensions’ manual.
Flavor: r-oldrel-macos-x86_64

Version: 2.16
Check: replacement functions
Result: WARN
    No protocol specified
    No protocol specified
    The argument of a replacement function which corresponds to the right
    hand side must be named ‘value’.
Flavor: r-oldrel-macos-x86_64

Version: 2.16
Check: foreign function calls
Result: NOTE
    No protocol specified
    No protocol specified
    See chapter ‘System and foreign language interfaces’ in the ‘Writing R
    Extensions’ manual.
Flavor: r-oldrel-macos-x86_64

Version: 2.16
Check: R code for possible problems
Result: NOTE
    No protocol specified
    No protocol specified
Flavor: r-oldrel-macos-x86_64

Version: 2.16
Check: for missing documentation entries
Result: WARN
    No protocol specified
    No protocol specified
    All user-level objects in a package should have documentation entries.
    See chapter ‘Writing R documentation files’ in the ‘Writing R
    Extensions’ manual.
Flavor: r-oldrel-macos-x86_64

Version: 2.16
Check: for code/documentation mismatches
Result: WARN
    No protocol specified
    No protocol specified
    No protocol specified
    No protocol specified
    No protocol specified
    No protocol specified
Flavor: r-oldrel-macos-x86_64

Version: 2.16
Check: Rd \usage sections
Result: NOTE
    No protocol specified
    No protocol specified
    The \usage entries for S3 methods should use the \method markup and not
    their full name.
    See chapter ‘Writing R documentation files’ in the ‘Writing R
    Extensions’ manual.
Flavor: r-oldrel-macos-x86_64