CRAN Package Check Results for Package melt

Last updated on 2022-09-27 21:53:54 CEST.

Flavor Version Tinstall Tcheck Ttotal Status Flags
r-devel-linux-x86_64-debian-clang 1.8.0 431.67 312.37 744.04 OK
r-devel-linux-x86_64-debian-gcc 1.8.0 310.34 236.74 547.08 OK
r-devel-linux-x86_64-fedora-clang 1.8.0 925.21 OK
r-devel-linux-x86_64-fedora-gcc 1.8.0 946.01 OK
r-devel-windows-x86_64 1.8.0 332.00 413.00 745.00 OK
r-patched-linux-x86_64 1.8.0 328.63 315.92 644.55 OK
r-release-linux-x86_64 1.8.0 327.56 322.37 649.93 OK
r-release-macos-arm64 1.8.0 256.00 NOTE
r-release-macos-x86_64 1.8.0 327.00 NOTE
r-release-windows-x86_64 1.8.0 263.00 411.00 674.00 OK
r-oldrel-macos-arm64 1.8.0 242.00 NOTE
r-oldrel-macos-x86_64 1.8.0 323.00 NOTE
r-oldrel-windows-ix86+x86_64 1.8.0 843.00 563.00 1406.00 NOTE

Check Details

Version: 1.8.0
Check: installed package size
Result: NOTE
     installed size is 123.5Mb
     sub-directories of 1Mb or more:
     libs 122.3Mb
Flavors: r-release-macos-arm64, r-release-macos-x86_64, r-oldrel-macos-arm64, r-oldrel-macos-x86_64, r-oldrel-windows-ix86+x86_64