CRAN Package Check Results for Package mefa

Last updated on 2020-09-22 14:05:02 CEST.

Flavor Version Tinstall Tcheck Ttotal Status Flags
r-devel-linux-x86_64-debian-clang 3.2-7 4.10 55.17 59.27 OK
r-devel-linux-x86_64-debian-gcc 3.2-7 3.70 44.33 48.03 OK
r-devel-linux-x86_64-fedora-clang 3.2-7 85.40 NOTE
r-devel-linux-x86_64-fedora-gcc 3.2-7 75.74 OK
r-devel-windows-ix86+x86_64 3.2-7 9.00 66.00 75.00 OK
r-patched-linux-x86_64 3.2-7 4.24 54.75 58.99 OK
r-patched-solaris-x86 3.2-7 98.20 OK
r-release-linux-x86_64 3.2-7 4.44 54.55 58.99 OK
r-release-macos-x86_64 3.2-7 OK
r-release-windows-ix86+x86_64 3.2-7 7.00 59.00 66.00 OK
r-oldrel-macos-x86_64 3.2-7 OK
r-oldrel-windows-ix86+x86_64 3.2-7 5.00 75.00 80.00 OK

Check Details

Version: 3.2-7
Check: Rd cross-references
Result: NOTE
    Undeclared packages ‘reshape’, ‘simba’, ‘labdsv’, ‘Hmisc’, ‘untb’ in Rd xrefs
Flavor: r-devel-linux-x86_64-fedora-clang