Last updated on 2023-09-26 13:08:36 CEST.
Flavor | Version | Tinstall | Tcheck | Ttotal | Status | Flags |
---|---|---|---|---|---|---|
r-devel-linux-x86_64-debian-clang | 0.0.5 | 5.42 | 79.39 | 84.81 | NOTE | |
r-devel-linux-x86_64-debian-gcc | 0.0.5 | 3.98 | 55.32 | 59.30 | NOTE | |
r-devel-linux-x86_64-fedora-clang | 0.0.5 | 99.49 | NOTE | |||
r-devel-linux-x86_64-fedora-gcc | 0.0.5 | 104.14 | NOTE | |||
r-devel-windows-x86_64 | 0.0.5 | 8.00 | 97.00 | 105.00 | NOTE | |
r-patched-linux-x86_64 | 0.0.5 | 3.79 | 68.88 | 72.67 | NOTE | |
r-release-linux-x86_64 | 0.0.5 | 5.72 | 70.01 | 75.73 | NOTE | |
r-release-macos-arm64 | 0.0.5 | 64.00 | NOTE | |||
r-release-macos-x86_64 | 0.0.5 | 81.00 | NOTE | |||
r-release-windows-x86_64 | 0.0.5 | 8.00 | 104.00 | 112.00 | NOTE | |
r-oldrel-macos-arm64 | 0.0.5 | 90.00 | NOTE | |||
r-oldrel-macos-x86_64 | 0.0.5 | 88.00 | NOTE | |||
r-oldrel-windows-x86_64 | 0.0.5 | 9.00 | 118.00 | 127.00 | NOTE |
Version: 0.0.5
Check: LazyData
Result: NOTE
'LazyData' is specified without a 'data' directory
Flavors: r-devel-linux-x86_64-debian-clang, r-devel-linux-x86_64-debian-gcc, r-devel-linux-x86_64-fedora-clang, r-devel-linux-x86_64-fedora-gcc, r-devel-windows-x86_64, r-patched-linux-x86_64, r-release-linux-x86_64, r-release-macos-arm64, r-release-macos-x86_64, r-release-windows-x86_64, r-oldrel-macos-arm64, r-oldrel-macos-x86_64, r-oldrel-windows-x86_64
Version: 0.0.5
Check: dependencies in R code
Result: NOTE
Namespace in Imports field not imported from: ‘vroom’
All declared Imports should be used.
Flavors: r-devel-linux-x86_64-fedora-clang, r-devel-linux-x86_64-fedora-gcc, r-oldrel-macos-arm64, r-oldrel-macos-x86_64