CRAN Package Check Results for Package medrxivr

Last updated on 2022-09-30 00:49:19 CEST.

Flavor Version Tinstall Tcheck Ttotal Status Flags
r-devel-linux-x86_64-debian-clang 0.0.5 5.25 93.21 98.46 NOTE
r-devel-linux-x86_64-debian-gcc 0.0.5 4.13 68.12 72.25 NOTE
r-devel-linux-x86_64-fedora-clang 0.0.5 129.70 NOTE
r-devel-linux-x86_64-fedora-gcc 0.0.5 117.51 NOTE
r-devel-windows-x86_64 0.0.5 26.00 133.00 159.00 NOTE
r-patched-linux-x86_64 0.0.5 5.17 84.86 90.03 NOTE
r-release-linux-x86_64 0.0.5 4.34 86.01 90.35 NOTE
r-release-macos-arm64 0.0.5 90.00 NOTE
r-release-macos-x86_64 0.0.5 88.00 NOTE
r-release-windows-x86_64 0.0.5 20.00 219.00 239.00 ERROR
r-oldrel-macos-arm64 0.0.5 90.00 NOTE
r-oldrel-macos-x86_64 0.0.5 95.00 NOTE
r-oldrel-windows-ix86+x86_64 0.0.5 15.00 134.00 149.00 NOTE

Check Details

Version: 0.0.5
Check: LazyData
Result: NOTE
     'LazyData' is specified without a 'data' directory
Flavors: r-devel-linux-x86_64-debian-clang, r-devel-linux-x86_64-debian-gcc, r-devel-linux-x86_64-fedora-clang, r-devel-linux-x86_64-fedora-gcc, r-devel-windows-x86_64, r-patched-linux-x86_64, r-release-linux-x86_64, r-release-macos-arm64, r-release-macos-x86_64, r-release-windows-x86_64, r-oldrel-macos-arm64, r-oldrel-macos-x86_64, r-oldrel-windows-ix86+x86_64

Version: 0.0.5
Check: dependencies in R code
Result: NOTE
    Namespace in Imports field not imported from: ‘vroom’
     All declared Imports should be used.
Flavors: r-devel-linux-x86_64-fedora-clang, r-devel-linux-x86_64-fedora-gcc, r-release-macos-arm64, r-release-macos-x86_64, r-oldrel-macos-arm64, r-oldrel-macos-x86_64

Version: 0.0.5
Check: tests
Result: ERROR
     Running 'spelling.R' [0s]
     Running 'testthat.R' [144s]
    Running the tests in 'tests/testthat.R' failed.
    Complete output:
     > library(testthat)
     > library(medrxivr)
     >
     > test_check("medrxivr")
     [ FAIL 3 | WARN 2 | SKIP 12 | PASS 17 ]
    
     ══ Skipped tests ═══════════════════════════════════════════════════════════════
     • On CRAN (12)
    
     ══ Failed tests ════════════════════════════════════════════════════════════════
     ── Error (test-export.R:5:1): (code run outside of `test_that()`) ──────────────
     Error in `file(con, "r")`: cannot open the connection to 'https://raw.githubusercontent.com/mcguinlu/medrxivr-data/master/timestamp.txt'
     Backtrace:
     ▆
     1. ├─medrxivr::mx_search(...) at test-export.R:5:0
     2. └─medrxivr::mx_snapshot()
     3. └─medrxivr:::mx_info(commit)
     4. └─base::readLines(...)
     5. └─base::file(con, "r")
     ── Error (test-info.R:2:3): Printed message ────────────────────────────────────
     Error in `file(con, "r")`: cannot open the connection to 'https://raw.githubusercontent.com/mcguinlu/medrxivr-data/master/timestamp.txt'
     Backtrace:
     ▆
     1. ├─testthat::expect_message(mx_info()) at test-info.R:2:2
     2. │ └─testthat:::quasi_capture(enquo(object), label, capture_messages)
     3. │ ├─testthat (local) .capture(...)
     4. │ │ └─base::withCallingHandlers(...)
     5. │ └─rlang::eval_bare(quo_get_expr(.quo), quo_get_env(.quo))
     6. └─medrxivr:::mx_info()
     7. └─base::readLines(...)
     8. └─base::file(con, "r")
     ── Error (test-search.R:7:1): (code run outside of `test_that()`) ──────────────
     Error in `curl::curl_download(input, tmpFile, mode = "wb", quiet = !showProgress)`: Failed to connect to raw.githubusercontent.com port 443: Timed out
     Backtrace:
     ▆
     1. └─medrxivr::mx_snapshot("6c4056d2cccd6031d92ee4269b1785c6ec4d555b") at test-search.R:7:0
     2. ├─base::suppressMessages(...)
     3. │ └─base::withCallingHandlers(...)
     4. └─data.table::fread(...)
     5. └─curl::curl_download(input, tmpFile, mode = "wb", quiet = !showProgress)
    
     [ FAIL 3 | WARN 2 | SKIP 12 | PASS 17 ]
     Error: Test failures
     Execution halted
Flavor: r-release-windows-x86_64