Last updated on 2022-06-25 12:54:27 CEST.
Flavor | Version | Tinstall | Tcheck | Ttotal | Status | Flags |
---|---|---|---|---|---|---|
r-devel-linux-x86_64-debian-clang | 1.4-9.2 | 5.19 | 159.75 | 164.94 | NOTE | |
r-devel-linux-x86_64-debian-gcc | 1.4-9.2 | 3.90 | 117.38 | 121.28 | NOTE | |
r-devel-linux-x86_64-fedora-clang | 1.4-9.2 | 200.73 | NOTE | |||
r-devel-linux-x86_64-fedora-gcc | 1.4-9.2 | 196.51 | NOTE | |||
r-devel-windows-x86_64 | 1.4-9.2 | 19.00 | 197.00 | 216.00 | NOTE | |
r-patched-linux-x86_64 | 1.4-9.2 | 4.91 | 147.20 | 152.11 | OK | |
r-release-linux-x86_64 | 1.4-9.2 | 4.67 | 148.30 | 152.97 | OK | |
r-release-macos-arm64 | 1.4-9.2 | 89.00 | OK | |||
r-release-macos-x86_64 | 1.4-9.2 | 139.00 | OK | |||
r-release-windows-x86_64 | 1.4-9.2 | 19.00 | 199.00 | 218.00 | OK | |
r-oldrel-macos-arm64 | 1.4-9.2 | 101.00 | OK | |||
r-oldrel-macos-x86_64 | 1.4-9.2 | 135.00 | OK | |||
r-oldrel-windows-ix86+x86_64 | 1.4-9.2 | 16.00 | 206.00 | 222.00 | OK |
Version: 1.4-9.2
Check: Rd files
Result: NOTE
checkRd: (-1) mebootSpear.Rd:88: Escaped LaTeX specials: \_
checkRd: (-1) ullwan.Rd:5: Escaped LaTeX specials: \&
checkRd: (-1) ullwan.Rd:8: Escaped LaTeX specials: \& \$
Flavors: r-devel-linux-x86_64-debian-clang, r-devel-linux-x86_64-debian-gcc, r-devel-linux-x86_64-fedora-clang, r-devel-linux-x86_64-fedora-gcc, r-devel-windows-x86_64