CRAN Package Check Results for Package mdw

Last updated on 2020-10-25 22:48:19 CET.

Flavor Version Tinstall Tcheck Ttotal Status Flags
r-devel-linux-x86_64-debian-clang 2020.6-17 8.63 67.86 76.49 OK
r-devel-linux-x86_64-debian-gcc 2020.6-17 5.55 52.38 57.93 OK
r-devel-linux-x86_64-fedora-clang 2020.6-17 100.07 OK
r-devel-linux-x86_64-fedora-gcc 2020.6-17 88.68 OK
r-devel-windows-ix86+x86_64 2020.6-17 16.00 98.00 114.00 OK
r-patched-linux-x86_64 2020.6-17 7.18 63.66 70.84 OK
r-patched-solaris-x86 2020.6-17 130.10 NOTE
r-release-linux-x86_64 2020.6-17 7.97 62.88 70.85 OK
r-release-macos-x86_64 2020.6-17 OK
r-release-windows-ix86+x86_64 2020.6-17 13.00 67.00 80.00 OK
r-oldrel-macos-x86_64 2020.6-17 OK
r-oldrel-windows-ix86+x86_64 2020.6-17 14.00 82.00 96.00 OK

Check Details

Version: 2020.6-17
Check: package dependencies
Result: NOTE
    Package suggested but not available for checking: ‘Rmosek’
Flavor: r-patched-solaris-x86