Last updated on 2025-01-23 12:55:05 CET.
Flavor | Version | Tinstall | Tcheck | Ttotal | Status | Flags |
---|---|---|---|---|---|---|
r-devel-linux-x86_64-debian-clang | 1.0.8 | 5.76 | 71.65 | 77.41 | NOTE | |
r-devel-linux-x86_64-debian-gcc | 1.0.8 | 4.28 | 50.47 | 54.75 | NOTE | |
r-devel-linux-x86_64-fedora-clang | 1.0.8 | 122.82 | NOTE | |||
r-devel-linux-x86_64-fedora-gcc | 1.0.8 | 126.97 | NOTE | |||
r-devel-windows-x86_64 | 1.0.8 | 9.00 | 82.00 | 91.00 | NOTE | |
r-patched-linux-x86_64 | 1.0.8 | 6.24 | 64.90 | 71.14 | NOTE | |
r-release-linux-x86_64 | 1.0.8 | 5.53 | 65.58 | 71.11 | NOTE | |
r-release-macos-arm64 | 1.0.8 | 41.00 | NOTE | |||
r-release-macos-x86_64 | 1.0.8 | 62.00 | NOTE | |||
r-release-windows-x86_64 | 1.0.8 | 8.00 | 83.00 | 91.00 | NOTE | |
r-oldrel-macos-arm64 | 1.0.8 | 43.00 | OK | |||
r-oldrel-macos-x86_64 | 1.0.8 | 73.00 | OK | |||
r-oldrel-windows-x86_64 | 1.0.8 | 11.00 | 94.00 | 105.00 | OK |
Version: 1.0.8
Check: Rd files
Result: NOTE
checkRd: (-1) mcvis.Rd:32: Lost braces in \itemize; \value handles \item{}{} directly
checkRd: (-1) mcvis.Rd:33: Lost braces in \itemize; \value handles \item{}{} directly
checkRd: (-1) mcvis.Rd:34: Lost braces in \itemize; \value handles \item{}{} directly
Flavors: r-devel-linux-x86_64-debian-clang, r-devel-linux-x86_64-debian-gcc, r-devel-linux-x86_64-fedora-clang, r-devel-linux-x86_64-fedora-gcc, r-devel-windows-x86_64, r-patched-linux-x86_64, r-release-linux-x86_64, r-release-macos-arm64, r-release-macos-x86_64, r-release-windows-x86_64